Last updated on 2025-11-13 02:52:34 CET.
| Flavor | Version | Tinstall | Tcheck | Ttotal | Status | Flags |
|---|---|---|---|---|---|---|
| r-devel-linux-x86_64-debian-clang | 0.5.4 | 29.31 | 51.26 | 80.57 | OK | |
| r-devel-linux-x86_64-debian-gcc | 0.5.4 | 19.59 | 40.73 | 60.32 | OK | |
| r-devel-linux-x86_64-fedora-clang | 0.5.4 | 56.00 | 85.07 | 141.07 | OK | |
| r-devel-linux-x86_64-fedora-gcc | 0.5.4 | 170.00 | -18.34 | 151.66 | OK | |
| r-devel-windows-x86_64 | 0.5.4 | 37.00 | 89.00 | 126.00 | OK | |
| r-patched-linux-x86_64 | 0.5.4 | 31.26 | 47.75 | 79.01 | OK | |
| r-release-linux-x86_64 | 0.5.4 | 31.87 | 48.23 | 80.10 | OK | |
| r-release-macos-arm64 | 0.5.4 | 13.00 | 41.00 | 54.00 | OK | |
| r-release-macos-x86_64 | 0.5.4 | 19.00 | 54.00 | 73.00 | OK | |
| r-release-windows-x86_64 | 0.5.4 | 34.00 | 89.00 | 123.00 | OK | |
| r-oldrel-macos-arm64 | 0.5.4 | 14.00 | 73.00 | 87.00 | NOTE | |
| r-oldrel-macos-x86_64 | 0.5.4 | 24.00 | 121.00 | 145.00 | NOTE | |
| r-oldrel-windows-x86_64 | 0.5.4 | 41.00 | 103.00 | 144.00 | OK |
Version: 0.5.4
Check: installed package size
Result: NOTE
installed size is 5.1Mb
sub-directories of 1Mb or more:
doc 1.2Mb
libs 3.4Mb
Flavors: r-oldrel-macos-arm64, r-oldrel-macos-x86_64