Last updated on 2025-11-13 01:50:35 CET.
| Flavor | Version | Tinstall | Tcheck | Ttotal | Status | Flags |
|---|---|---|---|---|---|---|
| r-devel-linux-x86_64-debian-clang | 1.2.3 | 5.57 | 41.53 | 47.10 | OK | |
| r-devel-linux-x86_64-debian-gcc | 1.2.3 | 4.27 | 31.59 | 35.86 | OK | |
| r-devel-linux-x86_64-fedora-clang | 1.2.3 | 13.00 | 57.38 | 70.38 | OK | |
| r-devel-linux-x86_64-fedora-gcc | 1.2.3 | 29.00 | 59.24 | 88.24 | OK | |
| r-devel-windows-x86_64 | 1.2.3 | 9.00 | 65.00 | 74.00 | OK | |
| r-patched-linux-x86_64 | 1.2.3 | 7.29 | 39.73 | 47.02 | OK | |
| r-release-linux-x86_64 | 1.2.3 | 5.84 | 40.09 | 45.93 | OK | |
| r-release-macos-arm64 | 1.2.3 | 3.00 | 28.00 | 31.00 | OK | |
| r-release-macos-x86_64 | 1.2.3 | 7.00 | 59.00 | 66.00 | OK | |
| r-release-windows-x86_64 | 1.2.3 | 8.00 | 64.00 | 72.00 | OK | |
| r-oldrel-macos-arm64 | 1.2.3 | 4.00 | 32.00 | 36.00 | OK | |
| r-oldrel-macos-x86_64 | 1.2.3 | 7.00 | 61.00 | 68.00 | NOTE | |
| r-oldrel-windows-x86_64 | 1.2.3 | 12.00 | 76.00 | 88.00 | OK |
Version: 1.2.3
Check: installed package size
Result: NOTE
installed size is 5.5Mb
sub-directories of 1Mb or more:
data 5.1Mb
Flavor: r-oldrel-macos-x86_64