Last updated on 2025-05-07 01:50:15 CEST.
Flavor | Version | Tinstall | Tcheck | Ttotal | Status | Flags |
---|---|---|---|---|---|---|
r-devel-linux-x86_64-debian-clang | 0.5.0 | 2.10 | 24.14 | 26.24 | NOTE | |
r-devel-linux-x86_64-debian-gcc | 0.5.0 | 1.91 | 18.70 | 20.61 | NOTE | |
r-devel-linux-x86_64-fedora-clang | 0.5.0 | 41.20 | OK | |||
r-devel-linux-x86_64-fedora-gcc | 0.5.0 | 38.73 | OK | |||
r-devel-windows-x86_64 | 0.5.0 | 3.00 | 42.00 | 45.00 | OK | |
r-patched-linux-x86_64 | 0.5.0 | 2.83 | 23.00 | 25.83 | OK | |
r-release-linux-x86_64 | 0.5.0 | 2.61 | 23.03 | 25.64 | OK | |
r-release-macos-arm64 | 0.5.0 | 17.00 | OK | |||
r-release-macos-x86_64 | 0.5.0 | 27.00 | OK | |||
r-release-windows-x86_64 | 0.5.0 | 3.00 | 48.00 | 51.00 | OK | |
r-oldrel-macos-arm64 | 0.5.0 | 15.00 | OK | |||
r-oldrel-macos-x86_64 | 0.5.0 | 26.00 | OK | |||
r-oldrel-windows-x86_64 | 0.5.0 | 3.00 | 43.00 | 46.00 | OK |
Version: 0.5.0
Check: CRAN incoming feasibility
Result: NOTE
Maintainer: ‘Adrienne M. Wootten <amwootte@ou.edu>’
No Authors@R field in DESCRIPTION.
Please add one, modifying
Authors@R: person(given = c("Adrienne", "M."),
family = "Wootten",
role = c("aut", "cre"),
email = "amwootte@ou.edu",
comment = "University of Oklahoma")
as necessary.
Flavors: r-devel-linux-x86_64-debian-clang, r-devel-linux-x86_64-debian-gcc