Last updated on 2024-07-27 01:53:24 CEST.
Flavor | Version | Tinstall | Tcheck | Ttotal | Status | Flags |
---|---|---|---|---|---|---|
r-devel-linux-x86_64-debian-clang | 0.1 | 3.29 | 92.10 | 95.39 | OK | |
r-devel-linux-x86_64-debian-gcc | 0.1 | 2.57 | 66.78 | 69.35 | OK | |
r-devel-linux-x86_64-fedora-clang | 0.1 | 121.06 | NOTE | |||
r-devel-linux-x86_64-fedora-gcc | 0.1 | 122.91 | OK | |||
r-devel-windows-x86_64 | 0.1 | 6.00 | 94.00 | 100.00 | OK | |
r-patched-linux-x86_64 | 0.1 | OK | ||||
r-release-linux-x86_64 | 0.1 | 2.21 | 86.04 | 88.25 | OK | |
r-release-macos-arm64 | 0.1 | 45.00 | OK | |||
r-release-macos-x86_64 | 0.1 | 71.00 | OK | |||
r-release-windows-x86_64 | 0.1 | 5.00 | 93.00 | 98.00 | OK | |
r-oldrel-macos-arm64 | 0.1 | 46.00 | OK | |||
r-oldrel-macos-x86_64 | 0.1 | 114.00 | OK | |||
r-oldrel-windows-x86_64 | 0.1 | 5.00 | 116.00 | 121.00 | OK |
Version: 0.1
Check: Rd cross-references
Result: NOTE
Undeclared package ‘pkgbuild’ in Rd xrefs
Flavor: r-devel-linux-x86_64-fedora-clang