Last updated on 2025-05-06 02:50:33 CEST.
Flavor | Version | Tinstall | Tcheck | Ttotal | Status | Flags |
---|---|---|---|---|---|---|
r-devel-linux-x86_64-debian-clang | 1.2 | 7.44 | 59.64 | 67.08 | NOTE | |
r-devel-linux-x86_64-debian-gcc | 1.2 | 5.68 | 46.19 | 51.87 | NOTE | |
r-devel-linux-x86_64-fedora-clang | 1.2 | 113.28 | OK | |||
r-devel-linux-x86_64-fedora-gcc | 1.2 | 100.93 | OK | |||
r-devel-windows-x86_64 | 1.2 | 8.00 | 69.00 | 77.00 | OK | |
r-patched-linux-x86_64 | 1.2 | 6.61 | 57.60 | 64.21 | OK | |
r-release-linux-x86_64 | 1.2 | 7.36 | 57.47 | 64.83 | OK | |
r-release-macos-arm64 | 1.2 | 37.00 | OK | |||
r-release-macos-x86_64 | 1.2 | 63.00 | OK | |||
r-release-windows-x86_64 | 1.2 | 8.00 | 70.00 | 78.00 | OK | |
r-oldrel-macos-arm64 | 1.2 | 32.00 | OK | |||
r-oldrel-macos-x86_64 | 1.2 | 47.00 | OK | |||
r-oldrel-windows-x86_64 | 1.2 | 11.00 | 89.00 | 100.00 | OK |
Version: 1.2
Check: CRAN incoming feasibility
Result: NOTE
Maintainer: ‘Christiana Kartsonaki <christiana.kartsonaki@gmail.com>’
No Authors@R field in DESCRIPTION.
Please add one, modifying
Authors@R: person(given = "Christiana",
family = "Kartsonaki",
role = c("aut", "cre"),
email = "christiana.kartsonaki@gmail.com")
as necessary.
Flavors: r-devel-linux-x86_64-debian-clang, r-devel-linux-x86_64-debian-gcc