Last updated on 2025-11-14 01:51:51 CET.
| Flavor | Version | Tinstall | Tcheck | Ttotal | Status | Flags |
|---|---|---|---|---|---|---|
| r-devel-linux-x86_64-debian-clang | 1.0 | 9.13 | 84.73 | 93.86 | NOTE | |
| r-devel-linux-x86_64-debian-gcc | 1.0 | 7.06 | 61.60 | 68.66 | NOTE | |
| r-devel-linux-x86_64-fedora-clang | 1.0 | 19.00 | 126.60 | 145.60 | OK | |
| r-devel-linux-x86_64-fedora-gcc | 1.0 | 21.00 | 114.30 | 135.30 | OK | |
| r-devel-windows-x86_64 | 1.0 | 11.00 | 93.00 | 104.00 | OK | |
| r-patched-linux-x86_64 | 1.0 | 8.37 | 80.51 | 88.88 | OK | |
| r-release-linux-x86_64 | 1.0 | 8.52 | 79.60 | 88.12 | OK | |
| r-release-macos-arm64 | 1.0 | 4.00 | 34.00 | 38.00 | OK | |
| r-release-macos-x86_64 | 1.0 | 8.00 | 65.00 | 73.00 | OK | |
| r-release-windows-x86_64 | 1.0 | 12.00 | 92.00 | 104.00 | OK | |
| r-oldrel-macos-arm64 | 1.0 | 4.00 | 35.00 | 39.00 | OK | |
| r-oldrel-macos-x86_64 | 1.0 | 7.00 | 53.00 | 60.00 | OK | |
| r-oldrel-windows-x86_64 | 1.0 | 15.00 | 114.00 | 129.00 | OK |
Version: 1.0
Check: CRAN incoming feasibility
Result: NOTE
Maintainer: ‘Mikhail Zhelonkin <Mikhail.Zhelonkin@gmail.com>’
No Authors@R field in DESCRIPTION.
Please add one, modifying
Authors@R: c(person(given = "Mikhail",
family = "Zhelonkin",
role = c("aut", "cre"),
email = "mikhail.zhelonkin@gmail.com"),
person(given = c("Marc", "G."),
family = "Genton",
role = "aut"),
person(given = "Elvezio",
family = "Ronchetti",
role = "aut"))
as necessary.
Flavors: r-devel-linux-x86_64-debian-clang, r-devel-linux-x86_64-debian-gcc