Last updated on 2024-07-27 01:53:24 CEST.
Flavor | Version | Tinstall | Tcheck | Ttotal | Status | Flags |
---|---|---|---|---|---|---|
r-devel-linux-x86_64-debian-clang | 0.1.0 | 4.86 | 58.90 | 63.76 | NOTE | |
r-devel-linux-x86_64-debian-gcc | 0.1.0 | 2.93 | 44.58 | 47.51 | NOTE | |
r-devel-linux-x86_64-fedora-clang | 0.1.0 | 80.68 | NOTE | |||
r-devel-linux-x86_64-fedora-gcc | 0.1.0 | 88.32 | NOTE | |||
r-devel-windows-x86_64 | 0.1.0 | 7.00 | 74.00 | 81.00 | NOTE | |
r-patched-linux-x86_64 | 0.1.0 | NOTE | ||||
r-release-linux-x86_64 | 0.1.0 | 4.87 | 55.84 | 60.71 | NOTE | |
r-release-macos-arm64 | 0.1.0 | 37.00 | NOTE | |||
r-release-macos-x86_64 | 0.1.0 | 51.00 | NOTE | |||
r-release-windows-x86_64 | 0.1.0 | 6.00 | 73.00 | 79.00 | NOTE | |
r-oldrel-macos-arm64 | 0.1.0 | 35.00 | OK | |||
r-oldrel-macos-x86_64 | 0.1.0 | 66.00 | OK | |||
r-oldrel-windows-x86_64 | 0.1.0 | 8.00 | 82.00 | 90.00 | OK |
Version: 0.1.0
Check: Rd files
Result: NOTE
checkRd: (-1) alertify.Rd:69: Lost braces
69 | \item{closable}{Logical; if \code{TRUE} (the default), a |code{Close} button is displayed in the header of the dialog.}
| ^
checkRd: (-1) notify.Rd:47: Lost braces
47 | \item{hide}{Logical; if \code{TRUE} (the default), notice is closed after |code{delay} specified in milliseconds.}
| ^
Flavors: r-devel-linux-x86_64-debian-clang, r-devel-linux-x86_64-debian-gcc, r-devel-linux-x86_64-fedora-clang, r-devel-linux-x86_64-fedora-gcc, r-devel-windows-x86_64, r-patched-linux-x86_64, r-release-linux-x86_64, r-release-macos-arm64, r-release-macos-x86_64, r-release-windows-x86_64