Last updated on 2025-11-15 03:50:30 CET.
| Flavor | Version | Tinstall | Tcheck | Ttotal | Status | Flags |
|---|---|---|---|---|---|---|
| r-devel-linux-x86_64-debian-clang | 1.1.10 | 14.03 | 100.58 | 114.61 | NOTE | |
| r-devel-linux-x86_64-debian-gcc | 1.1.10 | 8.70 | 71.96 | 80.66 | NOTE | |
| r-devel-linux-x86_64-fedora-clang | 1.1.10 | 32.00 | 145.29 | 177.29 | NOTE | |
| r-devel-linux-x86_64-fedora-gcc | 1.1.10 | 27.00 | 135.68 | 162.68 | NOTE | |
| r-devel-windows-x86_64 | 1.1.10 | 19.00 | 104.00 | 123.00 | NOTE | |
| r-patched-linux-x86_64 | 1.1.10 | 13.29 | 95.24 | 108.53 | NOTE | |
| r-release-linux-x86_64 | 1.1.10 | 12.34 | 96.36 | 108.70 | NOTE | |
| r-release-macos-arm64 | 1.1.10 | 6.00 | 39.00 | 45.00 | NOTE | |
| r-release-macos-x86_64 | 1.1.10 | 13.00 | 76.00 | 89.00 | NOTE | |
| r-release-windows-x86_64 | 1.1.10 | 17.00 | 101.00 | 118.00 | NOTE | |
| r-oldrel-macos-arm64 | 1.1.10 | 5.00 | 38.00 | 43.00 | NOTE | |
| r-oldrel-macos-x86_64 | 1.1.10 | 8.00 | 55.00 | 63.00 | NOTE | |
| r-oldrel-windows-x86_64 | 1.1.10 | 20.00 | 132.00 | 152.00 | NOTE |
Version: 1.1.10
Check: Rd files
Result: NOTE
checkRd: (-1) multiCUMSUM.Rd:33: Escaped LaTeX specials: \&
Flavors: r-devel-linux-x86_64-debian-clang, r-devel-linux-x86_64-debian-gcc, r-devel-linux-x86_64-fedora-clang, r-devel-linux-x86_64-fedora-gcc, r-devel-windows-x86_64, r-patched-linux-x86_64, r-release-linux-x86_64, r-release-macos-arm64, r-release-macos-x86_64, r-release-windows-x86_64, r-oldrel-macos-arm64, r-oldrel-macos-x86_64, r-oldrel-windows-x86_64