Last updated on 2025-05-24 01:51:36 CEST.
Flavor | Version | Tinstall | Tcheck | Ttotal | Status | Flags |
---|---|---|---|---|---|---|
r-devel-linux-x86_64-debian-clang | 1.0.11 | 74.41 | 177.36 | 251.77 | OK | |
r-devel-linux-x86_64-debian-gcc | 1.0.11 | 50.44 | 130.26 | 180.70 | OK | |
r-devel-linux-x86_64-fedora-clang | 1.0.11 | 419.92 | OK | |||
r-devel-linux-x86_64-fedora-gcc | 1.0.11 | 440.58 | OK | |||
r-devel-windows-x86_64 | 1.0.11 | 81.00 | 203.00 | 284.00 | OK | |
r-patched-linux-x86_64 | 1.0.11 | 73.65 | 181.51 | 255.16 | OK | |
r-release-linux-x86_64 | 1.0.11 | 74.45 | 184.24 | 258.69 | OK | |
r-release-macos-arm64 | 1.0.11 | 129.00 | OK | |||
r-release-macos-x86_64 | 1.0.11 | 230.00 | OK | |||
r-release-windows-x86_64 | 1.0.11 | 84.00 | 212.00 | 296.00 | OK | |
r-oldrel-macos-arm64 | 1.0.11 | 134.00 | NOTE | |||
r-oldrel-macos-x86_64 | 1.0.11 | 252.00 | NOTE | |||
r-oldrel-windows-x86_64 | 1.0.11 | 98.00 | 264.00 | 362.00 | NOTE |
Version: 1.0.11
Check: installed package size
Result: NOTE
installed size is 9.7Mb
sub-directories of 1Mb or more:
data 3.6Mb
libs 5.1Mb
Flavors: r-oldrel-macos-arm64, r-oldrel-macos-x86_64, r-oldrel-windows-x86_64