Last updated on 2025-11-13 02:52:34 CET.
| Flavor | Version | Tinstall | Tcheck | Ttotal | Status | Flags |
|---|---|---|---|---|---|---|
| r-devel-linux-x86_64-debian-clang | 1.0.10 | 10.04 | 222.48 | 232.52 | OK | |
| r-devel-linux-x86_64-debian-gcc | 1.0.11 | 6.33 | 152.35 | 158.68 | OK | |
| r-devel-linux-x86_64-fedora-clang | 1.0.11 | 18.00 | 343.80 | 361.80 | OK | |
| r-devel-linux-x86_64-fedora-gcc | 1.0.11 | 25.00 | 353.54 | 378.54 | OK | |
| r-devel-windows-x86_64 | 1.0.10 | 13.00 | 203.00 | 216.00 | OK | |
| r-patched-linux-x86_64 | 1.0.10 | 10.68 | 208.79 | 219.47 | OK | |
| r-release-linux-x86_64 | 1.0.10 | 9.52 | 208.65 | 218.17 | OK | |
| r-release-macos-arm64 | 1.0.11 | 4.00 | 117.00 | 121.00 | OK | |
| r-release-macos-x86_64 | 1.0.11 | 9.00 | 291.00 | 300.00 | OK | |
| r-release-windows-x86_64 | 1.0.11 | 13.00 | 200.00 | 213.00 | OK | |
| r-oldrel-macos-arm64 | 1.0.11 | 4.00 | 116.00 | 120.00 | NOTE | |
| r-oldrel-macos-x86_64 | 1.0.11 | 7.00 | 286.00 | 293.00 | NOTE | |
| r-oldrel-windows-x86_64 | 1.0.10 | 16.00 | 266.00 | 282.00 | NOTE |
Version: 1.0.11
Check: package dependencies
Result: NOTE
Package suggested but not available for checking: ‘asreml’
Flavors: r-oldrel-macos-arm64, r-oldrel-macos-x86_64
Version: 1.0.10
Check: package dependencies
Result: NOTE
Package suggested but not available for checking: 'asreml'
Flavor: r-oldrel-windows-x86_64