Last updated on 2025-11-13 01:50:36 CET.
| Flavor | Version | Tinstall | Tcheck | Ttotal | Status | Flags |
|---|---|---|---|---|---|---|
| r-devel-linux-x86_64-debian-clang | 1.0.15 | 10.24 | 207.51 | 217.75 | OK | |
| r-devel-linux-x86_64-debian-gcc | 1.0.15 | 6.95 | 145.09 | 152.04 | OK | |
| r-devel-linux-x86_64-fedora-clang | 1.0.15 | 57.00 | 309.76 | 366.76 | NOTE | |
| r-devel-linux-x86_64-fedora-gcc | 1.0.15 | 22.00 | 312.70 | 334.70 | NOTE | |
| r-devel-windows-x86_64 | 1.0.15 | 14.00 | 185.00 | 199.00 | OK | |
| r-patched-linux-x86_64 | 1.0.15 | 11.33 | 201.67 | 213.00 | OK | |
| r-release-linux-x86_64 | 1.0.15 | 10.10 | 200.29 | 210.39 | OK | |
| r-release-macos-arm64 | 1.0.15 | 4.00 | 84.00 | 88.00 | OK | |
| r-release-macos-x86_64 | 1.0.15 | 11.00 | 185.00 | 196.00 | OK | |
| r-release-windows-x86_64 | 1.0.15 | 13.00 | 185.00 | 198.00 | OK | |
| r-oldrel-macos-arm64 | 1.0.15 | 5.00 | 97.00 | 102.00 | NOTE | |
| r-oldrel-macos-x86_64 | 1.0.15 | 12.00 | 185.00 | 197.00 | NOTE | |
| r-oldrel-windows-x86_64 | 1.0.15 | 16.00 | 249.00 | 265.00 | NOTE |
Version: 1.0.15
Check: dependencies in R code
Result: NOTE
Namespace in Imports field not imported from: ‘mapproj’
All declared Imports should be used.
Flavors: r-devel-linux-x86_64-fedora-clang, r-devel-linux-x86_64-fedora-gcc
Version: 1.0.15
Check: package dependencies
Result: NOTE
Package suggested but not available for checking: ‘asreml’
Flavors: r-oldrel-macos-arm64, r-oldrel-macos-x86_64, r-oldrel-windows-x86_64