Last updated on 2025-05-06 02:50:33 CEST.
Flavor | Version | Tinstall | Tcheck | Ttotal | Status | Flags |
---|---|---|---|---|---|---|
r-devel-linux-x86_64-debian-clang | 0.3.1 | 63.15 | 92.20 | 155.35 | OK | |
r-devel-linux-x86_64-debian-gcc | 0.3.1 | 45.39 | 67.11 | 112.50 | OK | |
r-devel-linux-x86_64-fedora-clang | 0.3.1 | 277.02 | OK | |||
r-devel-linux-x86_64-fedora-gcc | 0.3.1 | 275.31 | OK | |||
r-devel-windows-x86_64 | 0.3.1 | 72.00 | 115.00 | 187.00 | OK | |
r-patched-linux-x86_64 | 0.3.1 | 61.64 | 87.84 | 149.48 | OK | |
r-release-linux-x86_64 | 0.3.1 | 63.99 | 87.09 | 151.08 | OK | |
r-release-macos-arm64 | 0.3.1 | 65.00 | OK | |||
r-release-macos-x86_64 | 0.3.1 | 102.00 | OK | |||
r-release-windows-x86_64 | 0.3.1 | 75.00 | 113.00 | 188.00 | OK | |
r-oldrel-macos-arm64 | 0.3.1 | 58.00 | NOTE | |||
r-oldrel-macos-x86_64 | 0.3.1 | 82.00 | NOTE | |||
r-oldrel-windows-x86_64 | 0.3.1 | 86.00 | 147.00 | 233.00 | OK |
Version: 0.3.1
Check: installed package size
Result: NOTE
installed size is 6.9Mb
sub-directories of 1Mb or more:
data 2.3Mb
libs 4.3Mb
Flavors: r-oldrel-macos-arm64, r-oldrel-macos-x86_64