Last updated on 2025-05-24 01:51:36 CEST.
Flavor | Version | Tinstall | Tcheck | Ttotal | Status | Flags |
---|---|---|---|---|---|---|
r-devel-linux-x86_64-debian-clang | 0.3-0 | 3.47 | 20.34 | 23.81 | NOTE | |
r-devel-linux-x86_64-debian-gcc | 0.3-0 | 2.46 | 16.92 | 19.38 | NOTE | |
r-devel-linux-x86_64-fedora-clang | 0.3-0 | 36.43 | OK | |||
r-devel-linux-x86_64-fedora-gcc | 0.3-0 | 35.51 | OK | |||
r-devel-windows-x86_64 | 0.3-0 | 5.00 | 47.00 | 52.00 | OK | |
r-patched-linux-x86_64 | 0.3-0 | 3.56 | 19.44 | 23.00 | OK | |
r-release-linux-x86_64 | 0.3-0 | 3.20 | 19.63 | 22.83 | OK | |
r-release-macos-arm64 | 0.3-0 | 19.00 | OK | |||
r-release-macos-x86_64 | 0.3-0 | 30.00 | OK | |||
r-release-windows-x86_64 | 0.3-0 | 5.00 | 44.00 | 49.00 | OK | |
r-oldrel-macos-arm64 | 0.3-0 | 16.00 | OK | |||
r-oldrel-macos-x86_64 | 0.3-0 | 23.00 | OK | |||
r-oldrel-windows-x86_64 | 0.3-0 | 6.00 | 40.00 | 46.00 | OK |
Version: 0.3-0
Check: CRAN incoming feasibility
Result: NOTE
Maintainer: ‘David Leiva <dleivaur@ub.edu>’
No Authors@R field in DESCRIPTION.
Please add one, modifying
Authors@R: c(person(given = c("David", "Leiva", "&", "Han", "de", "Vries"),
family = "<J.deVries1@uu.nl>.",
role = "aut",
email = "J.deVries1@uu.nl"),
person(given = "David",
family = "Leiva",
role = "cre",
email = "dleivaur@ub.edu"))
as necessary.
Flavors: r-devel-linux-x86_64-debian-clang, r-devel-linux-x86_64-debian-gcc