CRAN Package Check Results for Package stevedore

Last updated on 2025-11-20 03:50:25 CET.

Flavor Version Tinstall Tcheck Ttotal Status Flags
r-devel-linux-x86_64-debian-clang 0.9.6 6.33 143.75 150.08 NOTE
r-devel-linux-x86_64-debian-gcc 0.9.6 4.68 98.00 102.68 NOTE
r-devel-linux-x86_64-fedora-clang 0.9.6 19.00 214.05 233.05 NOTE
r-devel-linux-x86_64-fedora-gcc 0.9.6 14.00 212.07 226.07 NOTE
r-devel-windows-x86_64 0.9.6 13.00 165.00 178.00 NOTE
r-patched-linux-x86_64 0.9.6 8.58 133.17 141.75 NOTE
r-release-linux-x86_64 0.9.6 6.04 133.07 139.11 NOTE
r-release-macos-arm64 0.9.6 NOTE
r-release-macos-x86_64 0.9.6 5.00 154.00 159.00 NOTE
r-release-windows-x86_64 0.9.6 8.00 160.00 168.00 NOTE
r-oldrel-macos-arm64 0.9.6 NOTE
r-oldrel-macos-x86_64 0.9.6 7.00 99.00 106.00 NOTE
r-oldrel-windows-x86_64 0.9.6 8.00 190.00 198.00 NOTE

Check Details

Version: 0.9.6
Check: Rd files
Result: NOTE checkRd: (-1) docker_config_collection.Rd:11: Lost braces; missing escapes or markup? 11 | \Sexpr[results=rd,stage=render]{stevedore:::generate_help("config")} | ^ checkRd: (-1) docker_container.Rd:13: Lost braces 13 | \Sexpr[results=rd,stage=render]{stevedore:::generate_help("docker_container")} | ^ checkRd: (-1) docker_image_collection.Rd:11: Lost braces 11 | \Sexpr[results=rd,stage=render]{stevedore:::generate_help("image")} | ^ checkRd: (-1) docker_plugin_collection.Rd:11: Lost braces 11 | \Sexpr[results=rd,stage=render]{stevedore:::generate_help("plugin")} | ^ checkRd: (-1) docker_service_collection.Rd:11: Lost braces 11 | \Sexpr[results=rd,stage=render]{stevedore:::generate_help("service")} | ^ checkRd: (-1) docker_task.Rd:13: Lost braces 13 | \Sexpr[results=rd,stage=render]{stevedore:::generate_help("docker_task")} | ^ Flavors: r-devel-linux-x86_64-debian-clang, r-devel-linux-x86_64-debian-gcc, r-devel-linux-x86_64-fedora-clang, r-devel-linux-x86_64-fedora-gcc, r-devel-windows-x86_64, r-patched-linux-x86_64, r-release-linux-x86_64, r-release-macos-arm64, r-release-macos-x86_64, r-release-windows-x86_64, r-oldrel-macos-arm64, r-oldrel-macos-x86_64, r-oldrel-windows-x86_64