Last updated on 2025-11-19 01:49:04 CET.
| Flavor | Version | Tinstall | Tcheck | Ttotal | Status | Flags |
|---|---|---|---|---|---|---|
| r-devel-linux-x86_64-debian-clang | 1.1.4 | 42.96 | 155.72 | 198.68 | NOTE | |
| r-devel-linux-x86_64-debian-gcc | 1.1.4 | 30.45 | 113.97 | 144.42 | NOTE | |
| r-devel-linux-x86_64-fedora-clang | 1.1.4 | 112.00 | 214.69 | 326.69 | OK | |
| r-devel-linux-x86_64-fedora-gcc | 1.1.4 | 83.00 | 210.53 | 293.53 | OK | |
| r-devel-windows-x86_64 | 1.1.4 | 52.00 | 174.00 | 226.00 | OK | |
| r-patched-linux-x86_64 | 1.1.4 | 40.75 | 147.35 | 188.10 | OK | |
| r-release-linux-x86_64 | 1.1.4 | 41.01 | 146.06 | 187.07 | OK | |
| r-release-macos-arm64 | 1.1.4 | 17.00 | 57.00 | 74.00 | OK | |
| r-release-macos-x86_64 | 1.1.4 | 23.00 | 109.00 | 132.00 | OK | |
| r-release-windows-x86_64 | 1.1.4 | 45.00 | 169.00 | 214.00 | OK | |
| r-oldrel-macos-arm64 | 1.1.4 | 19.00 | 56.00 | 75.00 | OK | |
| r-oldrel-macos-x86_64 | 1.1.4 | 33.00 | 121.00 | 154.00 | OK | |
| r-oldrel-windows-x86_64 | 1.1.4 | 61.00 | 218.00 | 279.00 | OK |
Version: 1.1.4
Check: CRAN incoming feasibility
Result: NOTE
Maintainer: ‘Dane R. Van Domelen <vandomed@gmail.com>’
No Authors@R field in DESCRIPTION.
Please add one, modifying
Authors@R: person(given = c("Dane", "R."),
family = "Van Domelen",
role = c("aut", "cre"),
email = "vandomed@gmail.com")
as necessary.
Found the following URLs which should use \doi (with the DOI name only):
File ‘stocks.Rd’:
https://doi.org/10.7287/peerj.preprints.3188v1
Flavors: r-devel-linux-x86_64-debian-clang, r-devel-linux-x86_64-debian-gcc