Last updated on 2024-07-27 01:53:25 CEST.
Flavor | Version | Tinstall | Tcheck | Ttotal | Status | Flags |
---|---|---|---|---|---|---|
r-devel-linux-x86_64-debian-clang | 1.2-1 | 11.57 | 426.30 | 437.87 | OK | |
r-devel-linux-x86_64-debian-gcc | 1.2-1 | 7.83 | 310.42 | 318.25 | NOTE | |
r-devel-linux-x86_64-fedora-clang | 1.2-1 | 564.02 | OK | |||
r-devel-linux-x86_64-fedora-gcc | 1.2-1 | 498.48 | OK | |||
r-devel-windows-x86_64 | 1.2-1 | 10.00 | 305.00 | 315.00 | NOTE | |
r-patched-linux-x86_64 | 1.2-1 | OK | ||||
r-release-linux-x86_64 | 1.2-1 | 9.49 | 405.86 | 415.35 | OK | |
r-release-macos-arm64 | 1.2-1 | 149.00 | OK | |||
r-release-macos-x86_64 | 1.2-1 | 294.00 | OK | |||
r-release-windows-x86_64 | 1.2-1 | 10.00 | 306.00 | 316.00 | OK | |
r-oldrel-macos-arm64 | 1.2-1 | 203.00 | OK | |||
r-oldrel-macos-x86_64 | 1.2-1 | 537.00 | OK | |||
r-oldrel-windows-x86_64 | 1.2-1 | 13.00 | 429.00 | 442.00 | OK |
Version: 1.2-1
Check: Rd cross-references
Result: NOTE
Found the following Rd file(s) with Rd \link{} targets missing package
anchors:
vector_cross_product.Rd: cross
Please provide package anchors for all Rd \link{} targets not in the
package itself and the base packages.
Flavors: r-devel-linux-x86_64-debian-gcc, r-devel-windows-x86_64