Last updated on 2025-05-25 01:49:59 CEST.
Flavor | Version | Tinstall | Tcheck | Ttotal | Status | Flags |
---|---|---|---|---|---|---|
r-devel-linux-x86_64-debian-clang | 0.9.9.3 | 4.37 | 22.00 | 26.37 | NOTE | |
r-devel-linux-x86_64-debian-gcc | 0.9.9.3 | 3.46 | 16.84 | 20.30 | NOTE | |
r-devel-linux-x86_64-fedora-clang | 0.9.9.3 | 39.75 | OK | |||
r-devel-linux-x86_64-fedora-gcc | 0.9.9.3 | 38.09 | OK | |||
r-devel-windows-x86_64 | 0.9.9.3 | 11.00 | 59.00 | 70.00 | OK | |
r-patched-linux-x86_64 | 0.9.9.3 | 4.05 | 20.39 | 24.44 | OK | |
r-release-linux-x86_64 | 0.9.9.3 | 4.32 | 20.44 | 24.76 | OK | |
r-release-macos-arm64 | 0.9.9.3 | 18.00 | OK | |||
r-release-macos-x86_64 | 0.9.9.3 | 30.00 | OK | |||
r-release-windows-x86_64 | 0.9.9.3 | 14.00 | 51.00 | 65.00 | OK | |
r-oldrel-macos-arm64 | 0.9.9.3 | 18.00 | OK | |||
r-oldrel-macos-x86_64 | 0.9.9.3 | 26.00 | OK | |||
r-oldrel-windows-x86_64 | 0.9.9.3 | 9.00 | 45.00 | 54.00 | OK |
Version: 0.9.9.3
Check: CRAN incoming feasibility
Result: NOTE
Maintainer: ‘Jerome Collet <jeromepcollet@gmail.com>’
No Authors@R field in DESCRIPTION.
Please add one, modifying
Authors@R: person(given = "Jerome",
family = "Collet",
role = c("aut", "cre"),
email = "jeromepcollet@gmail.com")
as necessary.
Flavors: r-devel-linux-x86_64-debian-clang, r-devel-linux-x86_64-debian-gcc