Last updated on 2024-07-27 01:53:25 CEST.
Flavor | Version | Tinstall | Tcheck | Ttotal | Status | Flags |
---|---|---|---|---|---|---|
r-devel-linux-x86_64-debian-clang | 1.0.4 | 9.66 | 82.68 | 92.34 | NOTE | |
r-devel-linux-x86_64-debian-gcc | 1.0.4 | 6.51 | 60.45 | 66.96 | NOTE | |
r-devel-linux-x86_64-fedora-clang | 1.0.4 | 112.85 | NOTE | |||
r-devel-linux-x86_64-fedora-gcc | 1.0.4 | 112.04 | NOTE | |||
r-devel-windows-x86_64 | 1.0.4 | 9.00 | 76.00 | 85.00 | NOTE | |
r-patched-linux-x86_64 | 1.0.4 | NOTE | ||||
r-release-linux-x86_64 | 1.0.4 | 6.89 | 78.59 | 85.48 | NOTE | |
r-release-macos-arm64 | 1.0.4 | 36.00 | NOTE | |||
r-release-macos-x86_64 | 1.0.4 | 51.00 | NOTE | |||
r-release-windows-x86_64 | 1.0.4 | 8.00 | 74.00 | 82.00 | NOTE | |
r-oldrel-macos-arm64 | 1.0.4 | 39.00 | OK | |||
r-oldrel-macos-x86_64 | 1.0.4 | 53.00 | OK | |||
r-oldrel-windows-x86_64 | 1.0.4 | 10.00 | 87.00 | 97.00 | OK |
Version: 1.0.4
Check: Rd files
Result: NOTE
checkRd: (-1) P3C.Rd:18: Lost braces; missing escapes or markup?
18 | used for this will be 1.00*10^{-PoissonThreshold}.}
| ^
Flavors: r-devel-linux-x86_64-debian-clang, r-devel-linux-x86_64-debian-gcc, r-devel-linux-x86_64-fedora-clang, r-devel-linux-x86_64-fedora-gcc, r-devel-windows-x86_64, r-patched-linux-x86_64, r-release-linux-x86_64, r-release-macos-arm64, r-release-macos-x86_64, r-release-windows-x86_64
Version: 1.0.4
Check: Rd cross-references
Result: NOTE
Found the following Rd file(s) with Rd \link{} targets missing package
anchors:
subspace.Rd: ggvis
Please provide package anchors for all Rd \link{} targets not in the
package itself and the base packages.
Flavors: r-devel-linux-x86_64-debian-gcc, r-devel-windows-x86_64