Last updated on 2025-05-18 02:49:51 CEST.
Flavor | Version | Tinstall | Tcheck | Ttotal | Status | Flags |
---|---|---|---|---|---|---|
r-devel-linux-x86_64-debian-clang | 0.5.7 | 43.08 | 68.37 | 111.45 | NOTE | |
r-devel-linux-x86_64-debian-gcc | 0.5.7 | 30.25 | 50.82 | 81.07 | NOTE | |
r-devel-linux-x86_64-fedora-clang | 0.5.7 | 188.71 | OK | |||
r-devel-linux-x86_64-fedora-gcc | 0.5.7 | 216.36 | OK | |||
r-devel-windows-x86_64 | 0.5.7 | 48.00 | 109.00 | 157.00 | NOTE | |
r-patched-linux-x86_64 | 0.5.7 | 46.11 | 61.73 | 107.84 | NOTE | |
r-release-linux-x86_64 | 0.5.7 | 45.11 | 61.44 | 106.55 | NOTE | |
r-release-macos-arm64 | 0.5.7 | 63.00 | OK | |||
r-release-macos-x86_64 | 0.5.7 | 112.00 | OK | |||
r-release-windows-x86_64 | 0.5.7 | 46.00 | 120.00 | 166.00 | NOTE | |
r-oldrel-macos-arm64 | 0.5.7 | 54.00 | OK | |||
r-oldrel-macos-x86_64 | 0.5.7 | 89.00 | OK | |||
r-oldrel-windows-x86_64 | 0.5.7 | 59.00 | 135.00 | 194.00 | OK |
Version: 0.5.7
Check: Rd cross-references
Result: NOTE
Found the following Rd file(s) with Rd \link{} targets missing package
anchors:
KNNTrainer.Rd: R6Class
LabelEncoder.Rd: R6Class
Please provide package anchors for all Rd \link{} targets not in the
package itself and the base packages.
Flavors: r-devel-linux-x86_64-debian-clang, r-devel-linux-x86_64-debian-gcc, r-devel-windows-x86_64, r-patched-linux-x86_64, r-release-linux-x86_64, r-release-windows-x86_64