Last updated on 2024-07-27 01:53:25 CEST.
Flavor | Version | Tinstall | Tcheck | Ttotal | Status | Flags |
---|---|---|---|---|---|---|
r-devel-linux-x86_64-debian-clang | 3.0.0 | 6.46 | 103.02 | 109.48 | OK | |
r-devel-linux-x86_64-debian-gcc | 3.0.0 | 4.02 | 74.00 | 78.02 | NOTE | |
r-devel-linux-x86_64-fedora-clang | 3.0.0 | 149.73 | OK | |||
r-devel-linux-x86_64-fedora-gcc | 3.0.0 | 150.37 | NOTE | |||
r-devel-windows-x86_64 | 3.0.0 | 8.00 | 234.00 | 242.00 | NOTE | |
r-patched-linux-x86_64 | 3.0.0 | OK | ||||
r-release-linux-x86_64 | 3.0.0 | 5.47 | 97.46 | 102.93 | OK | |
r-release-macos-arm64 | 3.0.0 | 46.00 | OK | |||
r-release-macos-x86_64 | 3.0.0 | 68.00 | OK | |||
r-release-windows-x86_64 | 3.0.0 | 7.00 | 236.00 | 243.00 | OK | |
r-oldrel-macos-arm64 | 3.0.0 | 55.00 | OK | |||
r-oldrel-macos-x86_64 | 3.0.0 | 89.00 | OK | |||
r-oldrel-windows-x86_64 | 3.0.0 | 8.00 | 218.00 | 226.00 | OK |
Version: 3.0.0
Check: Rd cross-references
Result: NOTE
Found the following Rd file(s) with Rd \link{} targets missing package
anchors:
level_pairs.Rd: tibble
new_pairwise_tbl.Rd: tibble
row_blank.Rd: tibble_row
row_error.Rd: tibble_row
row_term.Rd: tibble_row
Please provide package anchors for all Rd \link{} targets not in the
package itself and the base packages.
Flavors: r-devel-linux-x86_64-debian-gcc, r-devel-windows-x86_64
Version: 3.0.0
Check: for non-standard things in the check directory
Result: NOTE
Found the following files/directories:
‘JMRData’
Flavor: r-devel-linux-x86_64-fedora-gcc