CRAN Package Check Results for Package support.BWS

Last updated on 2025-05-06 02:50:34 CEST.

Flavor Version Tinstall Tcheck Ttotal Status Flags
r-devel-linux-x86_64-debian-clang 0.4-6 2.78 27.45 30.23 NOTE
r-devel-linux-x86_64-debian-gcc 0.4-6 2.16 21.02 23.18 NOTE
r-devel-linux-x86_64-fedora-clang 0.4-6 46.90 OK
r-devel-linux-x86_64-fedora-gcc 0.4-6 45.09 OK
r-devel-windows-x86_64 0.4-6 4.00 49.00 53.00 OK
r-patched-linux-x86_64 0.4-6 3.48 25.91 29.39 OK
r-release-linux-x86_64 0.4-6 2.77 25.88 28.65 OK
r-release-macos-arm64 0.4-6 18.00 OK
r-release-macos-x86_64 0.4-6 30.00 OK
r-release-windows-x86_64 0.4-6 4.00 50.00 54.00 OK
r-oldrel-macos-arm64 0.4-6 17.00 OK
r-oldrel-macos-x86_64 0.4-6 24.00 OK
r-oldrel-windows-x86_64 0.4-6 3.00 54.00 57.00 OK

Check Details

Version: 0.4-6
Check: CRAN incoming feasibility
Result: NOTE Maintainer: ‘Hideo Aizaki <azk-r@spa.nifty.com>’ No Authors@R field in DESCRIPTION. Please add one, modifying Authors@R: person(given = "Hideo", family = "Aizaki", role = c("aut", "cre"), email = "azk-r@spa.nifty.com") as necessary. Flavors: r-devel-linux-x86_64-debian-clang, r-devel-linux-x86_64-debian-gcc