Last updated on 2025-05-26 02:50:32 CEST.
Flavor | Version | Tinstall | Tcheck | Ttotal | Status | Flags |
---|---|---|---|---|---|---|
r-devel-linux-x86_64-debian-clang | 0.1.0-1 | 26.02 | 228.26 | 254.28 | OK | |
r-devel-linux-x86_64-debian-gcc | 0.1.0-1 | 16.65 | 146.88 | 163.53 | OK | |
r-devel-linux-x86_64-fedora-clang | 0.1.0-1 | 461.70 | NOTE | |||
r-devel-linux-x86_64-fedora-gcc | 0.1.0-1 | 448.15 | NOTE | |||
r-devel-windows-x86_64 | 0.1.0-1 | 31.00 | 305.00 | 336.00 | OK | |
r-patched-linux-x86_64 | 0.1.0-1 | 23.13 | 216.55 | 239.68 | OK | |
r-release-linux-x86_64 | 0.1.0-1 | 23.05 | 219.44 | 242.49 | OK | |
r-release-macos-arm64 | 0.1.0-1 | 152.00 | OK | |||
r-release-macos-x86_64 | 0.1.0-1 | 265.00 | OK | |||
r-release-windows-x86_64 | 0.1.0-1 | 29.00 | 310.00 | 339.00 | OK | |
r-oldrel-macos-arm64 | 0.1.0-1 | 106.00 | OK | |||
r-oldrel-macos-x86_64 | 0.1.0-1 | 201.00 | OK | |||
r-oldrel-windows-x86_64 | 0.1.0-1 | 35.00 | 406.00 | 441.00 | OK |
Version: 0.1.0-1
Check: dependencies in R code
Result: NOTE
Namespaces in Imports field not imported from:
‘doParallel’ ‘pROC’
All declared Imports should be used.
Flavors: r-devel-linux-x86_64-fedora-clang, r-devel-linux-x86_64-fedora-gcc