Last updated on 2025-11-19 01:49:04 CET.
| Flavor | Version | Tinstall | Tcheck | Ttotal | Status | Flags |
|---|---|---|---|---|---|---|
| r-devel-linux-x86_64-debian-clang | 2.0.2 | 45.76 | 113.30 | 159.06 | OK | --no-vignettes |
| r-devel-linux-x86_64-debian-gcc | 2.0.2 | 35.77 | 77.64 | 113.41 | OK | --no-vignettes |
| r-devel-linux-x86_64-fedora-clang | 2.0.2 | 78.00 | 406.43 | 484.43 | OK | |
| r-devel-linux-x86_64-fedora-gcc | 2.0.2 | 116.00 | 414.06 | 530.06 | OK | |
| r-devel-windows-x86_64 | 2.0.2 | 50.00 | 396.00 | 446.00 | OK | |
| r-patched-linux-x86_64 | 2.0.2 | 50.76 | 112.27 | 163.03 | OK | --no-vignettes |
| r-release-linux-x86_64 | 2.0.2 | 47.57 | 112.81 | 160.38 | OK | --no-vignettes |
| r-release-macos-arm64 | 2.0.2 | 19.00 | 111.00 | 130.00 | OK | |
| r-release-macos-x86_64 | 2.0.2 | 34.00 | 281.00 | 315.00 | OK | |
| r-release-windows-x86_64 | 2.0.2 | 45.00 | 306.00 | 351.00 | OK | |
| r-oldrel-macos-arm64 | 2.0.2 | 18.00 | 113.00 | 131.00 | NOTE | |
| r-oldrel-macos-x86_64 | 2.0.2 | 34.00 | 281.00 | 315.00 | NOTE | |
| r-oldrel-windows-x86_64 | 2.0.2 | 54.00 | 417.00 | 471.00 | OK |
Version: 2.0.2
Check: installed package size
Result: NOTE
installed size is 31.0Mb
sub-directories of 1Mb or more:
doc 1.5Mb
libs 28.9Mb
Flavors: r-oldrel-macos-arm64, r-oldrel-macos-x86_64