Last updated on 2025-11-13 02:52:35 CET.
| Flavor | Version | Tinstall | Tcheck | Ttotal | Status | Flags |
|---|---|---|---|---|---|---|
| r-devel-linux-x86_64-debian-clang | 0.3.0 | 236.95 | 283.25 | 520.20 | OK | |
| r-devel-linux-x86_64-debian-gcc | 0.3.0 | 225.29 | 218.30 | 443.59 | OK | |
| r-devel-linux-x86_64-fedora-clang | 0.3.0 | 484.00 | 381.00 | 865.00 | NOTE | |
| r-devel-linux-x86_64-fedora-gcc | 0.3.0 | 720.00 | 262.16 | 982.16 | NOTE | |
| r-devel-windows-x86_64 | 0.3.0 | 278.00 | 322.00 | 600.00 | OK | |
| r-patched-linux-x86_64 | 0.3.0 | 288.48 | 298.06 | 586.54 | OK | |
| r-release-linux-x86_64 | 0.3.0 | 286.64 | 307.26 | 593.90 | OK | |
| r-release-macos-arm64 | 0.3.0 | 96.00 | 100.00 | 196.00 | OK | |
| r-release-macos-x86_64 | 0.3.0 | 130.00 | 205.00 | 335.00 | OK | |
| r-release-windows-x86_64 | 0.3.0 | 252.00 | 320.00 | 572.00 | OK | |
| r-oldrel-macos-arm64 | 0.3.0 | 51.00 | 63.00 | 114.00 | NOTE | |
| r-oldrel-macos-x86_64 | 0.3.0 | 63.00 | 116.00 | 179.00 | NOTE | |
| r-oldrel-windows-x86_64 | 0.3.0 | 317.00 | 415.00 | 732.00 | NOTE |
Version: 0.3.0
Check: dependencies in R code
Result: NOTE
Namespaces in Imports field not imported from:
‘RcppParallel’ ‘rstantools’
All declared Imports should be used.
Flavors: r-devel-linux-x86_64-fedora-clang, r-devel-linux-x86_64-fedora-gcc
Version: 0.3.0
Check: installed package size
Result: NOTE
installed size is 63.5Mb
sub-directories of 1Mb or more:
libs 62.3Mb
Flavors: r-oldrel-macos-arm64, r-oldrel-macos-x86_64
Version: 0.3.0
Check: for GNU extensions in Makefiles
Result: NOTE
GNU make is a SystemRequirements.
Flavors: r-oldrel-macos-arm64, r-oldrel-macos-x86_64, r-oldrel-windows-x86_64