Last updated on 2024-07-27 01:53:25 CEST.
Flavor | Version | Tinstall | Tcheck | Ttotal | Status | Flags |
---|---|---|---|---|---|---|
r-devel-linux-x86_64-debian-clang | 2.1.3 | 14.34 | 43.27 | 57.61 | NOTE | |
r-devel-linux-x86_64-debian-gcc | 2.1.3 | 9.50 | 32.05 | 41.55 | NOTE | |
r-devel-linux-x86_64-fedora-clang | 2.1.3 | 77.83 | NOTE | |||
r-devel-linux-x86_64-fedora-gcc | 2.1.3 | 87.79 | NOTE | |||
r-devel-windows-x86_64 | 2.1.3 | 15.00 | 76.00 | 91.00 | NOTE | |
r-patched-linux-x86_64 | 2.1.3 | NOTE | ||||
r-release-linux-x86_64 | 2.1.3 | 15.04 | 40.18 | 55.22 | NOTE | |
r-release-macos-arm64 | 2.1.3 | 31.00 | NOTE | |||
r-release-macos-x86_64 | 2.1.3 | 47.00 | NOTE | |||
r-release-windows-x86_64 | 2.1.3 | 14.00 | 75.00 | 89.00 | OK | |
r-oldrel-macos-arm64 | 2.1.3 | 36.00 | NOTE | |||
r-oldrel-macos-x86_64 | 2.1.3 | 77.00 | NOTE | |||
r-oldrel-windows-x86_64 | 2.1.3 | 19.00 | 88.00 | 107.00 | OK |
Version: 2.1.3
Check: C++ specification
Result: NOTE
Specified C++11: please drop specification unless essential
Flavors: r-devel-linux-x86_64-debian-clang, r-devel-linux-x86_64-debian-gcc, r-devel-linux-x86_64-fedora-clang, r-devel-linux-x86_64-fedora-gcc, r-patched-linux-x86_64, r-release-linux-x86_64, r-release-macos-arm64, r-release-macos-x86_64, r-oldrel-macos-arm64, r-oldrel-macos-x86_64
Version: 2.1.3
Check: compiled code
Result: NOTE
File ‘svglite/libs/svglite.so’:
Found non-API calls to R: ‘Rf_findVarInFrame3’, ‘SETLENGTH’,
‘SET_GROWABLE_BIT’, ‘SET_TRUELENGTH’
Compiled code should not call non-API entry points in R.
See ‘Writing portable packages’ in the ‘Writing R Extensions’ manual,
and section ‘Moving into C API compliance’ for issues with the use of
non-API entry points.
Flavors: r-devel-linux-x86_64-debian-clang, r-devel-linux-x86_64-debian-gcc, r-devel-linux-x86_64-fedora-clang, r-devel-linux-x86_64-fedora-gcc
Version: 2.1.3
Check: compiled code
Result: NOTE
File 'svglite/libs/x64/svglite.dll':
Found non-API calls to R: 'Rf_findVarInFrame3', 'SETLENGTH',
'SET_GROWABLE_BIT', 'SET_TRUELENGTH'
Compiled code should not call non-API entry points in R.
See 'Writing portable packages' in the 'Writing R Extensions' manual,
and section 'Moving into C API compliance' for issues with the use of
non-API entry points.
Flavor: r-devel-windows-x86_64