Last updated on 2025-05-24 01:51:37 CEST.
Flavor | Version | Tinstall | Tcheck | Ttotal | Status | Flags |
---|---|---|---|---|---|---|
r-devel-linux-x86_64-debian-clang | 0.3.2 | 28.35 | 35.97 | 64.32 | OK | |
r-devel-linux-x86_64-debian-gcc | 0.3.2 | 24.14 | 28.37 | 52.51 | OK | |
r-devel-linux-x86_64-fedora-clang | 0.3.2 | 103.99 | OK | |||
r-devel-linux-x86_64-fedora-gcc | 0.3.2 | 144.68 | OK | |||
r-devel-windows-x86_64 | 0.3.2 | 57.00 | 131.00 | 188.00 | OK | |
r-patched-linux-x86_64 | 0.3.2 | 34.06 | 33.25 | 67.31 | OK | |
r-release-linux-x86_64 | 0.3.2 | 34.30 | 33.55 | 67.85 | OK | |
r-release-macos-arm64 | 0.3.2 | 51.00 | OK | |||
r-release-macos-x86_64 | 0.3.2 | 68.00 | OK | |||
r-release-windows-x86_64 | 0.3.2 | 52.00 | 113.00 | 165.00 | OK | |
r-oldrel-macos-arm64 | 0.3.2 | 63.00 | NOTE | |||
r-oldrel-macos-x86_64 | 0.3.2 | 110.00 | NOTE | |||
r-oldrel-windows-x86_64 | 0.3.2 | 52.00 | 94.00 | 146.00 | NOTE |
Version: 0.3.2
Check: package dependencies
Result: NOTE
Package suggested but not available for checking: ‘swephRdata’
Flavors: r-oldrel-macos-arm64, r-oldrel-macos-x86_64, r-oldrel-windows-x86_64