Last updated on 2025-05-06 02:50:34 CEST.
Flavor | Version | Tinstall | Tcheck | Ttotal | Status | Flags |
---|---|---|---|---|---|---|
r-devel-linux-x86_64-debian-clang | 0.14.8 | 11.76 | 94.78 | 106.54 | NOTE | |
r-devel-linux-x86_64-debian-gcc | 0.14.8 | 6.95 | 60.16 | 67.11 | NOTE | |
r-devel-linux-x86_64-fedora-clang | 0.14.8 | 143.10 | OK | |||
r-devel-linux-x86_64-fedora-gcc | 0.14.8 | 192.52 | OK | |||
r-devel-windows-x86_64 | 0.14.8 | 14.00 | 142.00 | 156.00 | OK | |
r-patched-linux-x86_64 | 0.14.8 | 12.18 | 94.71 | 106.89 | OK | |
r-release-linux-x86_64 | 0.14.8 | 11.37 | 93.74 | 105.11 | OK | |
r-release-macos-arm64 | 0.14.8 | 118.00 | OK | |||
r-release-macos-x86_64 | 0.14.8 | 238.00 | OK | |||
r-release-windows-x86_64 | 0.14.8 | 15.00 | 143.00 | 158.00 | OK | |
r-oldrel-macos-arm64 | 0.14.8 | 133.00 | OK | |||
r-oldrel-macos-x86_64 | 0.14.8 | 206.00 | OK | |||
r-oldrel-windows-x86_64 | 0.14.8 | 20.00 | 175.00 | 195.00 | OK |
Version: 0.14.8
Check: CRAN incoming feasibility
Result: NOTE
Maintainer: ‘Gabriel Becker <gabembecker@gmail.com>’
No Authors@R field in DESCRIPTION.
Please add one, modifying
Authors@R: person(given = "Gabriel",
family = "Becker",
role = c("aut", "cre"),
email = "gabembecker@gmail.com")
as necessary.
Flavors: r-devel-linux-x86_64-debian-clang, r-devel-linux-x86_64-debian-gcc