Last updated on 2025-11-13 02:52:35 CET.
| Flavor | Version | Tinstall | Tcheck | Ttotal | Status | Flags |
|---|---|---|---|---|---|---|
| r-devel-linux-x86_64-debian-clang | 0.4 | 11.46 | 93.16 | 104.62 | OK | |
| r-devel-linux-x86_64-debian-gcc | 0.4 | 8.68 | 72.97 | 81.65 | OK | |
| r-devel-linux-x86_64-fedora-clang | 0.4 | 48.00 | 151.24 | 199.24 | OK | |
| r-devel-linux-x86_64-fedora-gcc | 0.4 | 27.00 | 171.87 | 198.87 | OK | |
| r-devel-windows-x86_64 | 0.4 | 15.00 | 115.00 | 130.00 | OK | |
| r-patched-linux-x86_64 | 0.4 | 10.35 | 90.69 | 101.04 | OK | |
| r-release-linux-x86_64 | 0.4 | 10.72 | 88.93 | 99.65 | OK | |
| r-release-macos-arm64 | 0.4 | 6.00 | 50.00 | 56.00 | OK | |
| r-release-macos-x86_64 | 0.4 | 12.00 | 89.00 | 101.00 | OK | |
| r-release-windows-x86_64 | 0.4 | 14.00 | 135.00 | 149.00 | OK | |
| r-oldrel-macos-arm64 | 0.4 | 6.00 | 42.00 | 48.00 | OK | |
| r-oldrel-macos-x86_64 | 0.4 | 8.00 | 64.00 | 72.00 | OK | |
| r-oldrel-windows-x86_64 | 0.4 | 1.00 | 9.00 | 10.00 | ERROR |
Version: 0.4
Check: package dependencies
Result: ERROR
Packages required but not available: 'OpenMx', 'metaSEM'
See section 'The DESCRIPTION file' in the 'Writing R Extensions'
manual.
Flavor: r-oldrel-windows-x86_64