Last updated on 2025-11-20 03:50:26 CET.
| Flavor | Version | Tinstall | Tcheck | Ttotal | Status | Flags |
|---|---|---|---|---|---|---|
| r-devel-linux-x86_64-debian-clang | 1.1-30 | 9.14 | 167.34 | 176.48 | NOTE | |
| r-devel-linux-x86_64-debian-gcc | 1.1-30 | 7.52 | 119.38 | 126.90 | NOTE | |
| r-devel-linux-x86_64-fedora-clang | 1.1-30 | 68.00 | 219.95 | 287.95 | OK | |
| r-devel-linux-x86_64-fedora-gcc | 1.1-30 | 20.00 | 263.92 | 283.92 | OK | |
| r-devel-windows-x86_64 | 1.1-30 | 14.00 | 190.00 | 204.00 | OK | |
| r-patched-linux-x86_64 | 1.1-30 | 10.60 | 161.26 | 171.86 | OK | |
| r-release-linux-x86_64 | 1.1-30 | 8.40 | 158.84 | 167.24 | OK | |
| r-release-macos-arm64 | 1.1-30 | OK | ||||
| r-release-macos-x86_64 | 1.1-30 | 9.00 | 157.00 | 166.00 | OK | |
| r-release-windows-x86_64 | 1.1-30 | 12.00 | 188.00 | 200.00 | OK | |
| r-oldrel-macos-arm64 | 1.1-30 | OK | ||||
| r-oldrel-macos-x86_64 | 1.1-30 | 10.00 | 173.00 | 183.00 | OK | |
| r-oldrel-windows-x86_64 | 1.1-30 | 16.00 | 230.00 | 246.00 | OK |
Version: 1.1-30
Check: CRAN incoming feasibility
Result: NOTE
Maintainer: ‘Arne Henningsen <arne.henningsen@gmail.com>’
No Authors@R field in DESCRIPTION.
Please add one, modifying
Authors@R: c(person(given = "Arne",
family = "Henningsen",
role = c("aut", "cre"),
email = "arne.henningsen@gmail.com"),
person(given = c("Jeff", "D."),
family = "Hamann",
role = "aut"))
as necessary.
Flavors: r-devel-linux-x86_64-debian-clang, r-devel-linux-x86_64-debian-gcc