Last updated on 2025-05-24 01:51:37 CEST.
Flavor | Version | Tinstall | Tcheck | Ttotal | Status | Flags |
---|---|---|---|---|---|---|
r-devel-linux-x86_64-debian-clang | 2.1.2 | 3.28 | 58.02 | 61.30 | NOTE | |
r-devel-linux-x86_64-debian-gcc | 2.1.2 | 3.02 | 45.08 | 48.10 | NOTE | |
r-devel-linux-x86_64-fedora-clang | 2.1.2 | 93.82 | OK | |||
r-devel-linux-x86_64-fedora-gcc | 2.1.2 | 103.61 | OK | |||
r-devel-windows-x86_64 | 2.1.2 | 6.00 | 136.00 | 142.00 | NOTE | |
r-patched-linux-x86_64 | 2.1.2 | 3.74 | 51.42 | 55.16 | NOTE | |
r-release-linux-x86_64 | 2.1.2 | 4.00 | 52.14 | 56.14 | NOTE | |
r-release-macos-arm64 | 2.1.2 | 55.00 | OK | |||
r-release-macos-x86_64 | 2.1.2 | 92.00 | OK | |||
r-release-windows-x86_64 | 2.1.2 | 6.00 | 121.00 | 127.00 | FAIL | |
r-oldrel-macos-arm64 | 2.1.2 | 41.00 | NOTE | |||
r-oldrel-macos-x86_64 | 2.1.2 | 58.00 | NOTE | |||
r-oldrel-windows-x86_64 | 2.1.2 | 7.00 | 102.00 | 109.00 | NOTE |
Version: 2.1.2
Check: Rd cross-references
Result: NOTE
Found the following Rd file(s) with Rd \link{} targets missing package
anchors:
tableHTML_output.Rd: uiOutput
Please provide package anchors for all Rd \link{} targets not in the
package itself and the base packages.
Flavors: r-devel-linux-x86_64-debian-clang, r-devel-linux-x86_64-debian-gcc, r-devel-windows-x86_64, r-patched-linux-x86_64, r-release-linux-x86_64, r-release-windows-x86_64
Version: 2.1.2
Check: PDF version of manual
Result: FAIL
Check process probably crashed or hung up for 20 minutes ... killed
Most likely this happened in the example checks (?),
if not, ignore the following last lines of example output:
> ### Name: write_tableHTML
> ### Title: Writes the HTML code to a file
> ### Aliases: write_tableHTML
>
> ### ** Examples
>
> ## Not run:
> ##D write_tableHTML(tableHTML(mtcars), file = 'myhtmlcode.html')
> ##D
> ##D write_tableHTML(tableHTML(mtcars), file = 'myhtmlcode.html', complete_html = TRUE)
> ## End(Not run)
>
>
>
>
> ### * <FOOTER>
> ###
> cleanEx()
> options(digits = 7L)
> base::cat("Time elapsed: ", proc.time() - base::get("ptime", pos = 'CheckExEnv'),"\n")
Time elapsed: 2.2 0.09 2.44 NA NA
> grDevices::dev.off()
null device
1
> ###
> ### Local variables: ***
> ### mode: outline-minor ***
> ### outline-regexp: "\\(> \\)?### [*]+" ***
> ### End: ***
> quit('no')
======== End of example output (where/before crash/hang up occured ?) ========
Flavor: r-release-windows-x86_64
Version: 2.1.2
Check: installed package size
Result: NOTE
installed size is 6.1Mb
sub-directories of 1Mb or more:
doc 5.9Mb
Flavors: r-oldrel-macos-arm64, r-oldrel-macos-x86_64, r-oldrel-windows-x86_64