CRAN Package Check Results for Package tabuSearch

Last updated on 2025-05-04 02:50:20 CEST.

Flavor Version Tinstall Tcheck Ttotal Status Flags
r-devel-linux-x86_64-debian-clang 1.1.1 1.65 17.22 18.87 NOTE
r-devel-linux-x86_64-debian-gcc 1.1.1 1.39 14.22 15.61 NOTE
r-devel-linux-x86_64-fedora-clang 1.1.1 30.36 NOTE
r-devel-linux-x86_64-fedora-gcc 1.1.1 29.86 NOTE
r-devel-windows-x86_64 1.1.1 2.00 36.00 38.00 NOTE
r-patched-linux-x86_64 1.1.1 1.90 16.84 18.74 NOTE
r-release-linux-x86_64 NOTE
r-release-macos-arm64 1.1.1 15.00 NOTE
r-release-macos-x86_64 1.1.1 21.00 NOTE
r-release-windows-x86_64 1.1.1 3.00 39.00 42.00 NOTE
r-oldrel-macos-arm64 1.1.1 14.00 NOTE
r-oldrel-macos-x86_64 1.1.1 23.00 NOTE
r-oldrel-windows-x86_64 1.1.1 2.00 36.00 38.00 NOTE

Check Details

Version: 1.1.1
Check: CRAN incoming feasibility
Result: NOTE Maintainer: ‘Katarina Domijan <domijank@tcd.ie>’ No Authors@R field in DESCRIPTION. Please add one, modifying Authors@R: person(given = "Katarina", family = "Domijan", role = c("aut", "cre"), email = "domijank@tcd.ie") as necessary. Flavors: r-devel-linux-x86_64-debian-clang, r-devel-linux-x86_64-debian-gcc

Version: 1.1.1
Check: package subdirectories
Result: NOTE Problems with news in ‘NEWS.md’: No news entries found. Flavors: r-devel-linux-x86_64-debian-clang, r-devel-linux-x86_64-debian-gcc, r-devel-linux-x86_64-fedora-clang, r-devel-linux-x86_64-fedora-gcc, r-devel-windows-x86_64, r-patched-linux-x86_64, r-release-linux-x86_64, r-release-macos-arm64, r-release-macos-x86_64, r-release-windows-x86_64, r-oldrel-macos-arm64, r-oldrel-macos-x86_64, r-oldrel-windows-x86_64