Last updated on 2024-07-27 01:53:25 CEST.
Flavor | Version | Tinstall | Tcheck | Ttotal | Status | Flags |
---|---|---|---|---|---|---|
r-devel-linux-x86_64-debian-clang | 0.1.5 | 5.85 | 179.40 | 185.25 | NOTE | |
r-devel-linux-x86_64-debian-gcc | 0.1.5 | 4.53 | 130.69 | 135.22 | NOTE | |
r-devel-linux-x86_64-fedora-clang | 0.1.5 | 231.01 | NOTE | |||
r-devel-linux-x86_64-fedora-gcc | 0.1.5 | 222.51 | NOTE | |||
r-devel-windows-x86_64 | 0.1.5 | 9.00 | 131.00 | 140.00 | NOTE | |
r-patched-linux-x86_64 | 0.1.5 | NOTE | ||||
r-release-linux-x86_64 | 0.1.5 | 4.60 | 167.91 | 172.51 | NOTE | |
r-release-macos-arm64 | 0.1.5 | 62.00 | NOTE | |||
r-release-macos-x86_64 | 0.1.5 | 97.00 | NOTE | |||
r-release-windows-x86_64 | 0.1.5 | 7.00 | 133.00 | 140.00 | NOTE | |
r-oldrel-macos-arm64 | 0.1.5 | 66.00 | OK | |||
r-oldrel-macos-x86_64 | 0.1.5 | 114.00 | OK | |||
r-oldrel-windows-x86_64 | 0.1.5 | 8.00 | 176.00 | 184.00 | OK |
Version: 0.1.5
Check: Rd files
Result: NOTE
checkRd: (-1) mean_ci.Rd:24: Lost braces
24 | \item{na.rm}{logical code{TRUE/FALSE}. Remove NAs from the dataset. Defaults
| ^
checkRd: (-1) median_ci.Rd:24: Lost braces
24 | \item{na.rm}{logical code{TRUE/FALSE}. Remove NAs from the dataset. Defaults
| ^
Flavors: r-devel-linux-x86_64-debian-clang, r-devel-linux-x86_64-debian-gcc, r-devel-linux-x86_64-fedora-clang, r-devel-linux-x86_64-fedora-gcc, r-devel-windows-x86_64, r-patched-linux-x86_64, r-release-linux-x86_64, r-release-macos-arm64, r-release-macos-x86_64, r-release-windows-x86_64
Version: 0.1.5
Check: Rd cross-references
Result: NOTE
Found the following Rd file(s) with Rd \link{} targets missing package
anchors:
gm_mean_ci.Rd: boot.ci, boot
mean_ci.Rd: boot.ci, boot
median_ci.Rd: boot.ci, boot
Please provide package anchors for all Rd \link{} targets not in the
package itself and the base packages.
Flavors: r-devel-linux-x86_64-debian-gcc, r-devel-windows-x86_64