CRAN Package Check Results for Package tcftt

Last updated on 2025-05-06 02:50:34 CEST.

Flavor Version Tinstall Tcheck Ttotal Status Flags
r-devel-linux-x86_64-debian-clang 0.1.0 2.30 20.05 22.35 NOTE
r-devel-linux-x86_64-debian-gcc 0.1.0 1.68 16.44 18.12 NOTE
r-devel-linux-x86_64-fedora-clang 0.1.0 33.92 OK
r-devel-linux-x86_64-fedora-gcc 0.1.0 33.68 OK
r-devel-windows-x86_64 0.1.0 3.00 41.00 44.00 OK
r-patched-linux-x86_64 0.1.0 2.33 18.32 20.65 OK
r-release-linux-x86_64 0.1.0 2.02 18.43 20.45 OK
r-release-macos-arm64 0.1.0 15.00 OK
r-release-macos-x86_64 0.1.0 24.00 OK
r-release-windows-x86_64 0.1.0 3.00 46.00 49.00 OK
r-oldrel-macos-arm64 0.1.0 15.00 NOTE
r-oldrel-macos-x86_64 0.1.0 20.00 NOTE
r-oldrel-windows-x86_64 0.1.0 3.00 41.00 44.00 NOTE

Check Details

Version: 0.1.0
Check: CRAN incoming feasibility
Result: NOTE Maintainer: ‘Huaiyu Zhang <huaiyuzhang1988@gmail.com>’ No Authors@R field in DESCRIPTION. Please add one, modifying Authors@R: c(person(given = "Huaiyu", family = "Zhang", role = c("aut", "cre"), email = "huaiyuzhang1988@gmail.com"), person(given = "Haiyan", family = "Wang", role = "aut")) as necessary. Flavors: r-devel-linux-x86_64-debian-clang, r-devel-linux-x86_64-debian-gcc

Version: 0.1.0
Check: LazyData
Result: NOTE 'LazyData' is specified without a 'data' directory Flavors: r-oldrel-macos-arm64, r-oldrel-macos-x86_64, r-oldrel-windows-x86_64