Last updated on 2024-07-27 01:53:25 CEST.
Flavor | Version | Tinstall | Tcheck | Ttotal | Status | Flags |
---|---|---|---|---|---|---|
r-devel-linux-x86_64-debian-clang | 2.16.0 | 11.36 | 91.27 | 102.63 | OK | |
r-devel-linux-x86_64-debian-gcc | 2.16.0 | 8.87 | 68.11 | 76.98 | NOTE | |
r-devel-linux-x86_64-fedora-clang | 2.16.0 | 132.35 | OK | |||
r-devel-linux-x86_64-fedora-gcc | 2.16.0 | 120.41 | OK | |||
r-devel-windows-x86_64 | 2.16.0 | 11.00 | 84.00 | 95.00 | NOTE | |
r-patched-linux-x86_64 | 2.16.0 | OK | ||||
r-release-linux-x86_64 | 2.16.0 | 8.85 | 85.56 | 94.41 | OK | |
r-release-macos-arm64 | 2.16.0 | 40.00 | OK | |||
r-release-macos-x86_64 | 2.16.0 | 55.00 | OK | |||
r-release-windows-x86_64 | 2.16.0 | 10.00 | 85.00 | 95.00 | OK | |
r-oldrel-macos-arm64 | 2.16.0 | 42.00 | OK | |||
r-oldrel-macos-x86_64 | 2.16.0 | 87.00 | OK | |||
r-oldrel-windows-x86_64 | 2.16.0 | 14.00 | 106.00 | 120.00 | OK |
Version: 2.16.0
Check: Rd cross-references
Result: NOTE
Found the following Rd file(s) with Rd \link{} targets missing package
anchors:
parse_arguments.Rd: yaml.load
Please provide package anchors for all Rd \link{} targets not in the
package itself and the base packages.
Flavors: r-devel-linux-x86_64-debian-gcc, r-devel-windows-x86_64