Last updated on 2025-05-24 01:51:37 CEST.
Flavor | Version | Tinstall | Tcheck | Ttotal | Status | Flags |
---|---|---|---|---|---|---|
r-devel-linux-x86_64-debian-clang | 1.1.8 | 44.16 | 501.62 | 545.78 | OK | |
r-devel-linux-x86_64-debian-gcc | 1.1.8 | 35.79 | 377.32 | 413.11 | ERROR | |
r-devel-linux-x86_64-fedora-clang | 1.1.8 | 862.95 | OK | |||
r-devel-linux-x86_64-fedora-gcc | 1.1.8 | 837.95 | OK | |||
r-devel-windows-x86_64 | 1.1.8 | 46.00 | 532.00 | 578.00 | OK | |
r-patched-linux-x86_64 | 1.1.8 | 40.86 | 473.13 | 513.99 | OK | |
r-release-linux-x86_64 | 1.1.8 | 46.66 | 472.88 | 519.54 | OK | |
r-release-macos-arm64 | 1.1.8 | 176.00 | OK | |||
r-release-macos-x86_64 | 1.1.8 | 364.00 | OK | |||
r-release-windows-x86_64 | 1.1.8 | 43.00 | 523.00 | 566.00 | OK | |
r-oldrel-macos-arm64 | 1.1.8 | 218.00 | NOTE | |||
r-oldrel-macos-x86_64 | 1.1.8 | 350.00 | NOTE | |||
r-oldrel-windows-x86_64 | 1.1.8 | 60.00 | 676.00 | 736.00 | NOTE |
Version: 1.1.8
Check: tests
Result: ERROR
Running ‘testthat.R’ [61s/134s]
Running the tests in ‘tests/testthat.R’ failed.
Complete output:
> library(testthat)
> library(tepr)
>
> test_check("tepr")
[ FAIL 1 | WARN 0 | SKIP 0 | PASS 31 ]
══ Failed tests ════════════════════════════════════════════════════════════════
── Error ('test-preprocessing-createtablescores.R:12:1'): (code run outside of `test_that()`) ──
Error: unable to find an inherited method for function 'seqnames' for signature 'x = "NULL"'
Backtrace:
▆
1. └─GenomeInfoDb::seqnames(chromtabtest) at test-preprocessing-createtablescores.R:12:1
2. └─methods (local) `<fn>`(`<list>`, `<stndrdGn>`, `<env>`)
[ FAIL 1 | WARN 0 | SKIP 0 | PASS 31 ]
Error: Test failures
Execution halted
Flavor: r-devel-linux-x86_64-debian-gcc
Version: 1.1.8
Check: installed package size
Result: NOTE
installed size is 5.6Mb
sub-directories of 1Mb or more:
doc 2.6Mb
extdata 2.6Mb
Flavors: r-oldrel-macos-arm64, r-oldrel-macos-x86_64, r-oldrel-windows-x86_64