Last updated on 2025-10-24 01:50:43 CEST.
| Flavor | Version | Tinstall | Tcheck | Ttotal | Status | Flags |
|---|---|---|---|---|---|---|
| r-devel-linux-x86_64-debian-clang | 0.1.4 | 12.18 | 29.47 | 41.65 | NOTE | |
| r-devel-linux-x86_64-debian-gcc | 0.1.4 | 9.69 | 23.48 | 33.17 | NOTE | |
| r-devel-linux-x86_64-fedora-clang | 0.1.4 | 47.00 | 26.21 | 73.21 | NOTE | |
| r-devel-linux-x86_64-fedora-gcc | 0.1.4 | 74.00 | 15.11 | 89.11 | NOTE | |
| r-devel-windows-x86_64 | 0.1.4 | 15.00 | 62.00 | 77.00 | NOTE | |
| r-patched-linux-x86_64 | 0.1.4 | 13.49 | 28.19 | 41.68 | NOTE | |
| r-release-linux-x86_64 | 0.1.4 | 13.35 | 27.91 | 41.26 | NOTE | |
| r-release-macos-arm64 | 0.1.4 | 6.00 | 27.00 | 33.00 | NOTE | |
| r-release-macos-x86_64 | 0.1.4 | 11.00 | 44.00 | 55.00 | NOTE | |
| r-release-windows-x86_64 | 0.1.4 | 15.00 | 66.00 | 81.00 | NOTE | |
| r-oldrel-macos-arm64 | 0.1.4 | 7.00 | 23.00 | 30.00 | NOTE | |
| r-oldrel-macos-x86_64 | 0.1.4 | 9.00 | 35.00 | 44.00 | NOTE | |
| r-oldrel-windows-x86_64 | 0.1.4 | 15.00 | 80.00 | 95.00 | NOTE |
Version: 0.1.4
Check: Rd files
Result: NOTE
checkRd: (-1) smith_waterman.Rd:56: Lost braces in \itemize; \value handles \item{}{} directly
checkRd: (-1) smith_waterman.Rd:57: Lost braces in \itemize; \value handles \item{}{} directly
checkRd: (-1) smith_waterman.Rd:58: Lost braces in \itemize; \value handles \item{}{} directly
checkRd: (-1) smith_waterman.Rd:59: Lost braces in \itemize; \value handles \item{}{} directly
checkRd: (-1) smith_waterman.Rd:60: Lost braces in \itemize; \value handles \item{}{} directly
checkRd: (-1) smith_waterman.Rd:61: Lost braces in \itemize; \value handles \item{}{} directly
checkRd: (-1) smith_waterman.Rd:62: Lost braces in \itemize; \value handles \item{}{} directly
checkRd: (-1) smith_waterman.Rd:63: Lost braces in \itemize; \value handles \item{}{} directly
checkRd: (-1) smith_waterman.Rd:64: Lost braces in \itemize; \value handles \item{}{} directly
checkRd: (-1) smith_waterman.Rd:68: Lost braces in \itemize; \value handles \item{}{} directly
checkRd: (-1) smith_waterman.Rd:69: Lost braces in \itemize; \value handles \item{}{} directly
checkRd: (-1) smith_waterman.Rd:70: Lost braces in \itemize; \value handles \item{}{} directly
checkRd: (-1) smith_waterman.Rd:71: Lost braces in \itemize; \value handles \item{}{} directly
checkRd: (-1) smith_waterman.Rd:72: Lost braces in \itemize; \value handles \item{}{} directly
checkRd: (-1) smith_waterman.Rd:74: Lost braces in \itemize; \value handles \item{}{} directly
checkRd: (-1) smith_waterman.Rd:75: Lost braces in \itemize; \value handles \item{}{} directly
checkRd: (-1) smith_waterman.Rd:76: Lost braces in \itemize; \value handles \item{}{} directly
checkRd: (-1) smith_waterman.Rd:77: Lost braces in \itemize; \value handles \item{}{} directly
checkRd: (-1) smith_waterman.Rd:78: Lost braces in \itemize; \value handles \item{}{} directly
checkRd: (-1) smith_waterman.Rd:79: Lost braces in \itemize; \value handles \item{}{} directly
checkRd: (-1) smith_waterman_misaligned.Rd:27: Lost braces in \itemize; meant \describe ?
checkRd: (-1) smith_waterman_misaligned.Rd:28: Lost braces in \itemize; meant \describe ?
checkRd: (-1) smith_waterman_misaligned.Rd:29: Lost braces in \itemize; meant \describe ?
checkRd: (-1) smith_waterman_misaligned.Rd:17: Lost braces in \itemize; \value handles \item{}{} directly
checkRd: (-1) smith_waterman_misaligned.Rd:18: Lost braces in \itemize; \value handles \item{}{} directly
checkRd: (-1) smith_waterman_misaligned.Rd:19: Lost braces in \itemize; \value handles \item{}{} directly
checkRd: (-1) smith_waterman_misaligned.Rd:20: Lost braces in \itemize; \value handles \item{}{} directly
checkRd: (-1) smith_waterman_misaligned.Rd:21: Lost braces in \itemize; \value handles \item{}{} directly
Flavors: r-devel-linux-x86_64-debian-clang, r-devel-linux-x86_64-debian-gcc, r-devel-linux-x86_64-fedora-clang, r-devel-linux-x86_64-fedora-gcc, r-devel-windows-x86_64, r-patched-linux-x86_64, r-release-linux-x86_64, r-release-macos-arm64, r-release-macos-x86_64, r-release-windows-x86_64, r-oldrel-macos-arm64, r-oldrel-macos-x86_64, r-oldrel-windows-x86_64