Last updated on 2025-11-14 01:51:53 CET.
| Flavor | Version | Tinstall | Tcheck | Ttotal | Status | Flags |
|---|---|---|---|---|---|---|
| r-devel-linux-x86_64-debian-clang | 0.5.5 | 46.86 | 159.33 | 206.19 | OK | |
| r-devel-linux-x86_64-debian-gcc | 0.5.5 | 32.09 | 181.77 | 213.86 | OK | |
| r-devel-linux-x86_64-fedora-clang | 0.5.5 | 234.00 | 122.82 | 356.82 | NOTE | |
| r-devel-linux-x86_64-fedora-gcc | 0.5.5 | 211.00 | 120.35 | 331.35 | NOTE | |
| r-patched-linux-x86_64 | 0.5.5 | 48.04 | 145.87 | 193.91 | OK | |
| r-release-linux-x86_64 | 0.5.5 | 47.07 | 142.17 | 189.24 | OK | |
| r-release-macos-arm64 | 0.5.5 | 30.00 | 67.00 | 97.00 | OK | |
| r-release-macos-x86_64 | 0.5.5 | 20.00 | 93.00 | 113.00 | OK | |
| r-oldrel-macos-arm64 | 0.5.5 | 10.00 | 40.00 | 50.00 | NOTE | |
| r-oldrel-macos-x86_64 | 0.5.5 | 11.00 | 56.00 | 67.00 | NOTE |
Version: 0.5.5
Check: dependencies in R code
Result: NOTE
Namespace in Imports field not imported from: ‘doRNG’
All declared Imports should be used.
Flavors: r-devel-linux-x86_64-fedora-clang, r-devel-linux-x86_64-fedora-gcc
Version: 0.5.5
Check: for GNU extensions in Makefiles
Result: NOTE
GNU make is a SystemRequirements.
Flavors: r-oldrel-macos-arm64, r-oldrel-macos-x86_64