Last updated on 2025-05-04 02:50:20 CEST.
Flavor | Version | Tinstall | Tcheck | Ttotal | Status | Flags |
---|---|---|---|---|---|---|
r-devel-linux-x86_64-debian-clang | 0.4-2 | 3.89 | 17.31 | 21.20 | NOTE | |
r-devel-linux-x86_64-debian-gcc | 0.4-2 | 2.84 | 14.43 | 17.27 | NOTE | |
r-devel-linux-x86_64-fedora-clang | 0.4-2 | 36.15 | OK | |||
r-devel-linux-x86_64-fedora-gcc | 0.4-2 | 32.55 | OK | |||
r-devel-windows-x86_64 | 0.4-2 | 6.00 | 39.00 | 45.00 | OK | |
r-patched-linux-x86_64 | 0.4-2 | 3.69 | 16.97 | 20.66 | OK | |
r-release-linux-x86_64 | OK | |||||
r-release-macos-arm64 | 0.4-2 | 16.00 | OK | |||
r-release-macos-x86_64 | 0.4-2 | 27.00 | OK | |||
r-release-windows-x86_64 | 0.4-2 | 8.00 | 41.00 | 49.00 | OK | |
r-oldrel-macos-arm64 | 0.4-2 | 16.00 | OK | |||
r-oldrel-macos-x86_64 | 0.4-2 | 22.00 | OK | |||
r-oldrel-windows-x86_64 | 0.4-2 | 6.00 | 38.00 | 44.00 | OK |
Version: 0.4-2
Check: CRAN incoming feasibility
Result: NOTE
Maintainer: ‘Thomas Hoffmann <tjhoffm@gmail.com>’
No Authors@R field in DESCRIPTION.
Please add one, modifying
Authors@R: person(given = "Thomas",
family = "Hoffmann",
role = c("aut", "cre"),
email = "tjhoffm@gmail.com")
as necessary.
Flavors: r-devel-linux-x86_64-debian-clang, r-devel-linux-x86_64-debian-gcc