Last updated on 2025-05-06 02:50:34 CEST.
Flavor | Version | Tinstall | Tcheck | Ttotal | Status | Flags |
---|---|---|---|---|---|---|
r-devel-linux-x86_64-debian-clang | 1.0.3 | 6.63 | 56.10 | 62.73 | NOTE | |
r-devel-linux-x86_64-debian-gcc | 1.0.3 | 4.91 | 41.56 | 46.47 | NOTE | |
r-devel-linux-x86_64-fedora-clang | 1.0.3 | 100.98 | OK | |||
r-devel-linux-x86_64-fedora-gcc | 1.0.3 | 91.41 | OK | |||
r-devel-windows-x86_64 | 1.0.3 | 8.00 | 73.00 | 81.00 | OK | |
r-patched-linux-x86_64 | 1.0.3 | 6.52 | 53.51 | 60.03 | OK | |
r-release-linux-x86_64 | 1.0.3 | 6.27 | 53.52 | 59.79 | OK | |
r-release-macos-arm64 | 1.0.3 | 36.00 | OK | |||
r-release-macos-x86_64 | 1.0.3 | 71.00 | OK | |||
r-release-windows-x86_64 | 1.0.3 | 9.00 | 75.00 | 84.00 | OK | |
r-oldrel-macos-arm64 | 1.0.3 | 34.00 | OK | |||
r-oldrel-macos-x86_64 | 1.0.3 | 55.00 | OK | |||
r-oldrel-windows-x86_64 | 1.0.3 | 10.00 | 85.00 | 95.00 | OK |
Version: 1.0.3
Check: CRAN incoming feasibility
Result: NOTE
Maintainer: ‘Tao Xiao <taoxiao1@gmail.com>’
No Authors@R field in DESCRIPTION.
Please add one, modifying
Authors@R: person(given = "Tao",
family = "Xiao",
role = c("aut", "cre"),
email = "taoxiao1@gmail.com")
as necessary.
Package CITATION file contains call(s) to old-style personList() or
as.personList(). Please use c() on person objects instead.
Package CITATION file contains call(s) to old-style citEntry(). Please
use bibentry() instead.
Flavors: r-devel-linux-x86_64-debian-clang, r-devel-linux-x86_64-debian-gcc