Last updated on 2024-07-27 01:53:25 CEST.
Flavor | Version | Tinstall | Tcheck | Ttotal | Status | Flags |
---|---|---|---|---|---|---|
r-devel-linux-x86_64-debian-clang | 1.0.6 | 4.38 | 136.13 | 140.51 | OK | |
r-devel-linux-x86_64-debian-gcc | 1.0.6 | 3.09 | 96.47 | 99.56 | OK | |
r-devel-linux-x86_64-fedora-clang | 1.0.6 | 179.04 | OK | |||
r-devel-linux-x86_64-fedora-gcc | 1.0.6 | 186.72 | OK | |||
r-devel-windows-x86_64 | 1.0.6 | 4.00 | 184.00 | 188.00 | OK | |
r-patched-linux-x86_64 | 1.0.6 | OK | ||||
r-release-linux-x86_64 | 1.0.6 | 2.44 | 129.90 | 132.34 | OK | |
r-release-macos-arm64 | 1.0.6 | 65.00 | OK | |||
r-release-macos-x86_64 | 1.0.6 | 68.00 | OK | |||
r-release-windows-x86_64 | 1.0.6 | 5.00 | 15569.00 | 15574.00 | ERROR | |
r-oldrel-macos-arm64 | 1.0.6 | 76.00 | OK | |||
r-oldrel-macos-x86_64 | 1.0.6 | 215.00 | OK | |||
r-oldrel-windows-x86_64 | 1.0.6 | 6.00 | 178.00 | 184.00 | OK |
Version: 1.0.6
Check: tests
Result: ERROR
Running 'testthat.R' [141m]
Running the tests in 'tests/testthat.R' failed.
Complete output:
> library(testthat)
> library(threshr)
>
> test_check("threshr")
Flavor: r-release-windows-x86_64
Version: 1.0.6
Check: re-building of vignette outputs
Result: ERROR
Error(s) in re-building vignettes:
--- re-building 'threshr-vignette.Rmd' using rmarkdown
Flavor: r-release-windows-x86_64