Last updated on 2024-07-27 01:53:25 CEST.
Flavor | Version | Tinstall | Tcheck | Ttotal | Status | Flags |
---|---|---|---|---|---|---|
r-devel-linux-x86_64-debian-clang | 0.12.5 | 360.34 | 208.07 | 568.41 | NOTE | |
r-devel-linux-x86_64-debian-gcc | 0.12.5 | 284.32 | 178.65 | 462.97 | NOTE | |
r-devel-linux-x86_64-fedora-clang | 0.12.5 | 450.27 | NOTE | |||
r-devel-linux-x86_64-fedora-gcc | 0.12.5 | 570.70 | NOTE | |||
r-devel-windows-x86_64 | 0.12.5 | 263.00 | 208.00 | 471.00 | NOTE | |
r-patched-linux-x86_64 | 0.12.5 | ERROR | ||||
r-release-linux-x86_64 | 0.12.5 | 0.02 | 2.61 | 2.63 | ERROR | |
r-release-macos-arm64 | 0.12.5 | 184.00 | NOTE | |||
r-release-macos-x86_64 | 0.12.5 | 223.00 | NOTE | |||
r-release-windows-x86_64 | 0.12.5 | 275.00 | 202.00 | 477.00 | NOTE | |
r-oldrel-macos-arm64 | 0.12.5 | 198.00 | NOTE | |||
r-oldrel-macos-x86_64 | 0.12.5 | 359.00 | NOTE | |||
r-oldrel-windows-x86_64 | 0.12.5 | 367.00 | 251.00 | 618.00 | NOTE |
Version: 0.12.5
Check: for GNU extensions in Makefiles
Result: NOTE
GNU make is a SystemRequirements.
Flavors: r-devel-linux-x86_64-debian-clang, r-devel-linux-x86_64-debian-gcc, r-devel-linux-x86_64-fedora-clang, r-devel-linux-x86_64-fedora-gcc, r-devel-windows-x86_64, r-release-macos-arm64, r-release-macos-x86_64, r-release-windows-x86_64, r-oldrel-macos-arm64, r-oldrel-macos-x86_64, r-oldrel-windows-x86_64
Version: 0.12.5
Check: whether package can be installed
Result: ERROR
Installation failed.
Flavors: r-patched-linux-x86_64, r-release-linux-x86_64
Version: 0.12.5
Check: installed package size
Result: NOTE
installed size is 84.3Mb
sub-directories of 1Mb or more:
libs 83.8Mb
Flavors: r-release-macos-arm64, r-release-macos-x86_64, r-oldrel-macos-arm64, r-oldrel-macos-x86_64