Last updated on 2024-07-27 01:53:26 CEST.
Flavor | Version | Tinstall | Tcheck | Ttotal | Status | Flags |
---|---|---|---|---|---|---|
r-devel-linux-x86_64-debian-clang | 1.1.1 | 4.82 | 59.31 | 64.13 | OK | |
r-devel-linux-x86_64-debian-gcc | 1.1.1 | 5.54 | 45.05 | 50.59 | OK | |
r-devel-linux-x86_64-fedora-clang | 1.1.1 | 83.60 | NOTE | |||
r-devel-linux-x86_64-fedora-gcc | 1.1.1 | 94.35 | NOTE | |||
r-devel-windows-x86_64 | 1.1.1 | 9.00 | 64.00 | 73.00 | OK | |
r-patched-linux-x86_64 | 1.1.1 | OK | ||||
r-release-linux-x86_64 | 1.1.1 | 4.12 | 57.08 | 61.20 | OK | |
r-release-macos-arm64 | 1.1.1 | 33.00 | OK | |||
r-release-macos-x86_64 | 1.1.1 | 49.00 | OK | |||
r-release-windows-x86_64 | 1.1.1 | 7.00 | 66.00 | 73.00 | OK | |
r-oldrel-macos-arm64 | 1.1.1 | 34.00 | OK | |||
r-oldrel-macos-x86_64 | 1.1.1 | 65.00 | OK | |||
r-oldrel-windows-x86_64 | 1.1.1 | 8.00 | 73.00 | 81.00 | OK |
Version: 1.1.1
Check: data for non-ASCII characters
Result: NOTE
Note: found 6 marked UTF-8 strings
Flavors: r-devel-linux-x86_64-fedora-clang, r-devel-linux-x86_64-fedora-gcc