Last updated on 2025-11-13 01:50:37 CET.
| Flavor | Version | Tinstall | Tcheck | Ttotal | Status | Flags |
|---|---|---|---|---|---|---|
| r-devel-linux-x86_64-debian-clang | 0.1.4 | 3.54 | 43.04 | 46.58 | OK | |
| r-devel-linux-x86_64-debian-gcc | 0.1.4 | 2.23 | 32.28 | 34.51 | OK | |
| r-devel-linux-x86_64-fedora-clang | 0.1.4 | 68.62 | OK | |||
| r-devel-linux-x86_64-fedora-gcc | 0.1.4 | 78.43 | OK | |||
| r-devel-windows-x86_64 | 0.1.4 | 6.00 | 61.00 | 67.00 | OK | |
| r-patched-linux-x86_64 | 0.1.4 | 3.23 | 38.28 | 41.51 | OK | |
| r-release-linux-x86_64 | 0.1.4 | 2.69 | 38.03 | 40.72 | OK | |
| r-release-macos-arm64 | 0.1.4 | 2.00 | 40.00 | 42.00 | OK | |
| r-release-macos-x86_64 | 0.1.4 | 3.00 | 53.00 | 56.00 | OK | |
| r-release-windows-x86_64 | 0.1.4 | 5.00 | 61.00 | 66.00 | OK | |
| r-oldrel-macos-arm64 | 0.1.4 | 2.00 | 29.00 | 31.00 | NOTE | |
| r-oldrel-macos-x86_64 | 0.1.4 | 3.00 | 42.00 | 45.00 | NOTE | |
| r-oldrel-windows-x86_64 | 0.1.4 | 7.00 | 70.00 | 77.00 | NOTE |
Version: 0.1.4
Check: LazyData
Result: NOTE
'LazyData' is specified without a 'data' directory
Flavors: r-oldrel-macos-arm64, r-oldrel-macos-x86_64, r-oldrel-windows-x86_64