Last updated on 2024-07-27 01:53:26 CEST.
Flavor | Version | Tinstall | Tcheck | Ttotal | Status | Flags |
---|---|---|---|---|---|---|
r-devel-linux-x86_64-debian-clang | 1.5.1 | 17.58 | 403.43 | 421.01 | OK | |
r-devel-linux-x86_64-debian-gcc | 1.5.1 | 12.18 | 325.33 | 337.51 | OK | |
r-devel-linux-x86_64-fedora-clang | 1.5.1 | 557.96 | OK | |||
r-devel-linux-x86_64-fedora-gcc | 1.5.1 | 531.75 | OK | |||
r-devel-windows-x86_64 | 1.5.1 | 14.00 | 294.00 | 308.00 | OK | |
r-patched-linux-x86_64 | 1.5.1 | ERROR | ||||
r-release-linux-x86_64 | 1.5.1 | 14.21 | 415.74 | 429.95 | OK | |
r-release-macos-arm64 | 1.5.1 | 138.00 | OK | |||
r-release-macos-x86_64 | 1.5.1 | 217.00 | OK | |||
r-release-windows-x86_64 | 1.5.1 | 14.00 | 286.00 | 300.00 | OK | |
r-oldrel-macos-arm64 | 1.5.1 | 153.00 | OK | |||
r-oldrel-macos-x86_64 | 1.5.1 | 293.00 | OK | |||
r-oldrel-windows-x86_64 | 1.5.1 | 19.00 | 354.00 | 373.00 | OK |
Version: 1.5.1
Check: re-building of vignette outputs
Result: ERROR
Error(s) in re-building vignettes:
...
--- re-building ‘tidyvpc_cat.Rmd’ using rmarkdown
** Processing: /home/hornik/tmp/R.check/r-patched-gcc/Work/PKGS/tidyvpc.Rcheck/vign_test/tidyvpc/vignettes/tidyvpc_cat_files/figure-html/binning_1-1.png
720x480 pixels, 3x8 bits/pixel, RGB
Input IDAT size = 47194 bytes
Input file size = 47332 bytes
Trying:
zc = 9 zm = 8 zs = 0 f = 0 IDAT size = 39181
zc = 9 zm = 8 zs = 1 f = 0
zc = 1 zm = 8 zs = 2 f = 0
zc = 9 zm = 8 zs = 3 f = 0
zc = 9 zm = 8 zs = 0 f = 5
zc = 9 zm = 8 zs = 1 f = 5
zc = 1 zm = 8 zs = 2 f = 5
zc = 9 zm = 8 zs = 3 f = 5
Selecting parameters:
zc = 9 zm = 8 zs = 0 f = 0 IDAT size = 39181
Output IDAT size = 39181 bytes (8013 bytes decrease)
Output file size = 39259 bytes (8073 bytes = 17.06% decrease)
** Processing: /home/hornik/tmp/R.check/r-patched-gcc/Work/PKGS/tidyvpc.Rcheck/vign_test/tidyvpc/vignettes/tidyvpc_cat_files/figure-html/binning_2-1.png
720x480 pixels, 3x8 bits/pixel, RGB
Input IDAT size = 74293 bytes
Input file size = 74479 bytes
Trying:
zc = 9 zm = 8 zs = 0 f = 0 IDAT size = 58386
zc = 9 zm = 8 zs = 1 f = 0
zc = 1 zm = 8 zs = 2 f = 0
zc = 9 zm = 8 zs = 3 f = 0
zc = 9 zm = 8 zs = 0 f = 5
zc = 9 zm = 8 zs = 1 f = 5
zc = 1 zm = 8 zs = 2 f = 5
zc = 9 zm = 8 zs = 3 f = 5
Selecting parameters:
zc = 9 zm = 8 zs = 0 f = 0 IDAT size = 58386
Output IDAT size = 58386 bytes (15907 bytes decrease)
Output file size = 58464 bytes (16015 bytes = 21.50% decrease)
** Processing: /home/hornik/tmp/R.check/r-patched-gcc/Work/PKGS/tidyvpc.Rcheck/vign_test/tidyvpc/vignettes/tidyvpc_cat_files/figure-html/unnamed-chunk-4-1.png
720x480 pixels, 3x8 bits/pixel, RGB
Input IDAT size = 48268 bytes
Input file size = 48406 bytes
Trying:
zc = 9 zm = 8 zs = 0 f = 0 IDAT size = 41027
zc = 9 zm = 8 zs = 1 f = 0
zc = 1 zm = 8 zs = 2 f = 0
zc = 9 zm = 8 zs = 3 f = 0
zc = 9 zm = 8 zs = 0 f = 5
zc = 9 zm = 8 zs = 1 f = 5
zc = 1 zm = 8 zs = 2 f = 5
zc = 9 zm = 8 zs = 3 f = 5
Selecting parameters:
zc = 9 zm = 8 zs = 0 f = 0 IDAT size = 41027
Output IDAT size = 41027 bytes (7241 bytes decrease)
Output file size = 41105 bytes (7301 bytes = 15.08% decrease)
** Processing: /home/hornik/tmp/R.check/r-patched-gcc/Work/PKGS/tidyvpc.Rcheck/vign_test/tidyvpc/vignettes/tidyvpc_cat_files/figure-html/unnamed-chunk-5-1.png
720x480 pixels, 3x8 bits/pixel, RGB
Input IDAT size = 77334 bytes
Input file size = 77520 bytes
Trying:
zc = 9 zm = 8 zs = 0 f = 0 IDAT size = 61682
zc = 9 zm = 8 zs = 1 f = 0
zc = 1 zm = 8 zs = 2 f = 0
zc = 9 zm = 8 zs = 3 f = 0
zc = 9 zm = 8 zs = 0 f = 5
zc = 9 zm = 8 zs = 1 f = 5
zc = 1 zm = 8 zs = 2 f = 5
zc = 9 zm = 8 zs = 3 f = 5
Selecting parameters:
zc = 9 zm = 8 zs = 0 f = 0 IDAT size = 61682
Output IDAT size = 61682 bytes (15652 bytes decrease)
Output file size = 61760 bytes (15760 bytes = 20.33% decrease)
** Processing: /home/hornik/tmp/R.check/r-patched-gcc/Work/PKGS/tidyvpc.Rcheck/vign_test/tidyvpc/vignettes/tidyvpc_cat_files/figure-html/unnamed-chunk-8-1.png
720x480 pixels, 3x8 bits/pixel, RGB
Input IDAT size = 45476 bytes
Input file size = 45614 bytes
Trying:
zc = 9 zm = 8 zs = 0 f = 0 IDAT size = 39185
zc = 9 zm = 8 zs = 1 f = 0
zc = 1 zm = 8 zs = 2 f = 0
zc = 9 zm = 8 zs = 3 f = 0
zc = 9 zm = 8 zs = 0 f = 5
zc = 9 zm = 8 zs = 1 f = 5
zc = 1 zm = 8 zs = 2 f = 5
zc = 9 zm = 8 zs = 3 f = 5
Selecting parameters:
zc = 9 zm = 8 zs = 0 f = 0 IDAT size = 39185
Output IDAT size = 39185 bytes (6291 bytes decrease)
Output file size = 39263 bytes (6351 bytes = 13.92% decrease)
** Processing: /home/hornik/tmp/R.check/r-patched-gcc/Work/PKGS/tidyvpc.Rcheck/vign_test/tidyvpc/vignettes/tidyvpc_cat_files/figure-html/unnamed-chunk-11-1.png
720x480 pixels, 3x8 bits/pixel, RGB
Input IDAT size = 81425 bytes
Input file size = 81611 bytes
Trying:
zc = 9 zm = 8 zs = 0 f = 0 IDAT size = 64840
zc = 9 zm = 8 zs = 1 f = 0
zc = 1 zm = 8 zs = 2 f = 0
zc = 9 zm = 8 zs = 3 f = 0
zc = 9 zm = 8 zs = 0 f = 5
zc = 9 zm = 8 zs = 1 f = 5
zc = 1 zm = 8 zs = 2 f = 5
zc = 9 zm = 8 zs = 3 f = 5
Selecting parameters:
zc = 9 zm = 8 zs = 0 f = 0 IDAT size = 64840
Output IDAT size = 64840 bytes (16585 bytes decrease)
Output file size = 64918 bytes (16693 bytes = 20.45% decrease)
** Processing: /home/hornik/tmp/R.check/r-patched-gcc/Work/PKGS/tidyvpc.Rcheck/vign_test/tidyvpc/vignettes/tidyvpc_cat_files/figure-html/unnamed-chunk-16-1.png
720x480 pixels, 3x8 bits/pixel, RGB
Input IDAT size = 116982 bytes
Input file size = 117228 bytes
Trying:
zc = 9 zm = 8 zs = 0 f = 0 IDAT size = 92851
zc = 9 zm = 8 zs = 1 f = 0
zc = 1 zm = 8 zs = 2 f = 0
zc = 9 zm = 8 zs = 3 f = 0
zc = 9 zm = 8 zs = 0 f = 5
zc = 9 zm = 8 zs = 1 f = 5
zc = 1 zm = 8 zs = 2 f = 5
zc = 9 zm = 8 zs = 3 f = 5
Selecting parameters:
zc = 9 zm = 8 zs = 0 f = 0 IDAT size = 92851
Output IDAT size = 92851 bytes (24131 bytes decrease)
Output file size = 92929 bytes (24299 bytes = 20.73% decrease)
--- finished re-building ‘tidyvpc_cat.Rmd’
--- re-building ‘tidyvpc_cont.Rmd’ using rmarkdown
** Processing: /home/hornik/tmp/R.check/r-patched-gcc/Work/PKGS/tidyvpc.Rcheck/vign_test/tidyvpc/vignettes/tidyvpc_cont_files/figure-html/unnamed-chunk-15-1.png
864x576 pixels, 3x8 bits/pixel, RGB
Input IDAT size = 111987 bytes
Input file size = 112221 bytes
Trying:
zc = 9 zm = 8 zs = 0 f = 0 IDAT size = 90392
zc = 9 zm = 8 zs = 1 f = 0
zc = 1 zm = 8 zs = 2 f = 0
zc = 9 zm = 8 zs = 3 f = 0
zc = 9 zm = 8 zs = 0 f = 5
zc = 9 zm = 8 zs = 1 f = 5
zc = 1 zm = 8 zs = 2 f = 5
zc = 9 zm = 8 zs = 3 f = 5
Selecting parameters:
zc = 9 zm = 8 zs = 0 f = 0 IDAT size = 90392
Output IDAT size = 90392 bytes (21595 bytes decrease)
Output file size = 90470 bytes (21751 bytes = 19.38% decrease)
** Processing: /home/hornik/tmp/R.check/r-patched-gcc/Work/PKGS/tidyvpc.Rcheck/vign_test/tidyvpc/vignettes/tidyvpc_cont_files/figure-html/unnamed-chunk-16-1.png
864x576 pixels, 3x8 bits/pixel, RGB
Input IDAT size = 129403 bytes
Input file size = 129661 bytes
Trying:
zc = 9 zm = 8 zs = 0 f = 0 IDAT size = 104516
zc = 9 zm = 8 zs = 1 f = 0
zc = 1 zm = 8 zs = 2 f = 0
zc = 9 zm = 8 zs = 3 f = 0
zc = 9 zm = 8 zs = 0 f = 5
zc = 9 zm = 8 zs = 1 f = 5
zc = 1 zm = 8 zs = 2 f = 5
zc = 9 zm = 8 zs = 3 f = 5
Selecting parameters:
zc = 9 zm = 8 zs = 0 f = 0 IDAT size = 104516
Output IDAT size = 104516 bytes (24887 bytes decrease)
Output file size = 104594 bytes (25067 bytes = 19.33% decrease)
** Processing: /home/hornik/tmp/R.check/r-patched-gcc/Work/PKGS/tidyvpc.Rcheck/vign_test/tidyvpc/vignettes/tidyvpc_cont_files/figure-html/unnamed-chunk-17-1.png
864x576 pixels, 3x8 bits/pixel, RGB
Input IDAT size = 154824 bytes
Input file size = 155118 bytes
Trying:
zc = 9 zm = 8 zs = 0 f = 0 IDAT size = 122429
zc = 9 zm = 8 zs = 1 f = 0
zc = 1 zm = 8 zs = 2 f = 0
zc = 9 zm = 8 zs = 3 f = 0
zc = 9 zm = 8 zs = 0 f = 5
zc = 9 zm = 8 zs = 1 f = 5
zc = 1 zm = 8 zs = 2 f = 5
zc = 9 zm = 8 zs = 3 f = 5
Selecting parameters:
zc = 9 zm = 8 zs = 0 f = 0 IDAT size = 122429
Output IDAT size = 122429 bytes (32395 bytes decrease)
Output file size = 122507 bytes (32611 bytes = 21.02% decrease)
** Processing: /home/hornik/tmp/R.check/r-patched-gcc/Work/PKGS/tidyvpc.Rcheck/vign_test/tidyvpc/vignettes/tidyvpc_cont_files/figure-html/unnamed-chunk-18-1.png
864x576 pixels, 3x8 bits/pixel, RGB
Input IDAT size = 90625 bytes
Input file size = 90835 bytes
Trying:
zc = 9 zm = 8 zs = 0 f = 0 IDAT size = 73691
zc = 9 zm = 8 zs = 1 f = 0
zc = 1 zm = 8 zs = 2 f = 0
zc = 9 zm = 8 zs = 3 f = 0
zc = 9 zm = 8 zs = 0 f = 5
zc = 9 zm = 8 zs = 1 f = 5
zc = 1 zm = 8 zs = 2 f = 5
zc = 9 zm = 8 zs = 3 f = 5
Selecting parameters:
zc = 9 zm = 8 zs = 0 f = 0 IDAT size = 73691
Output IDAT size = 73691 bytes (16934 bytes decrease)
Output file size = 73769 bytes (17066 bytes = 18.79% decrease)
** Processing: /home/hornik/tmp/R.check/r-patched-gcc/Work/PKGS/tidyvpc.Rcheck/vign_test/tidyvpc/vignettes/tidyvpc_cont_files/figure-html/unnamed-chunk-19-1.png
864x576 pixels, 3x8 bits/pixel, RGB
Input IDAT size = 98589 bytes
Input file size = 98811 bytes
Trying:
zc = 9 zm = 8 zs = 0 f = 0 IDAT size = 79262
zc = 9 zm = 8 zs = 1 f = 0
zc = 1 zm = 8 zs = 2 f = 0
zc = 9 zm = 8 zs = 3 f = 0
zc = 9 zm = 8 zs = 0 f = 5
zc = 9 zm = 8 zs = 1 f = 5
zc = 1 zm = 8 zs = 2 f = 5
zc = 9 zm = 8 zs = 3 f = 5
Selecting parameters:
zc = 9 zm = 8 zs = 0 f = 0 IDAT size = 79262
Output IDAT size = 79262 bytes (19327 bytes decrease)
Output file size = 79340 bytes (19471 bytes = 19.71% decrease)
** Processing: /home/hornik/tmp/R.check/r-patched-gcc/Work/PKGS/tidyvpc.Rcheck/vign_test/tidyvpc/vignettes/tidyvpc_cont_files/figure-html/unnamed-chunk-21-1.png
864x576 pixels, 3x8 bits/pixel, RGB
Input IDAT size = 98095 bytes
Input file size = 98305 bytes
Trying:
zc = 9 zm = 8 zs = 0 f = 0 IDAT size = 80527
zc = 9 zm = 8 zs = 1 f = 0
zc = 1 zm = 8 zs = 2 f = 0
zc = 9 zm = 8 zs = 3 f = 0
zc = 9 zm = 8 zs = 0 f = 5
zc = 9 zm = 8 zs = 1 f = 5
zc = 1 zm = 8 zs = 2 f = 5
zc = 9 zm = 8 zs = 3 f = 5
Selecting parameters:
zc = 9 zm = 8 zs = 0 f = 0 IDAT size = 80527
Output IDAT size = 80527 bytes (17568 bytes decrease)
Output file size = 80605 bytes (17700 bytes = 18.01% decrease)
** Processing: /home/hornik/tmp/R.check/r-patched-gcc/Work/PKGS/tidyvpc.Rcheck/vign_test/tidyvpc/vignettes/tidyvpc_cont_files/figure-html/unnamed-chunk-22-1.png
864x576 pixels, 3x8 bits/pixel, RGB
Input IDAT size = 130699 bytes
Input file size = 130957 bytes
Trying:
zc = 9 zm = 8 zs = 0 f = 0 IDAT size = 107162
zc = 9 zm = 8 zs = 1 f = 0
zc = 1 zm = 8 zs = 2 f = 0
zc = 9 zm = 8 zs = 3 f = 0
zc = 9 zm = 8 zs = 0 f = 5
zc = 9 zm = 8 zs = 1 f = 5
zc = 1 zm = 8 zs = 2 f = 5
zc = 9 zm = 8 zs = 3 f = 5
Selecting parameters:
zc = 9 zm = 8 zs = 0 f = 0 IDAT size = 107162
Output IDAT size = 107162 bytes (23537 bytes decrease)
Output file size = 107240 bytes (23717 bytes = 18.11% decrease)
** Processing: /home/hornik/tmp/R.check/r-patched-gcc/Work/PKGS/tidyvpc.Rcheck/vign_test/tidyvpc/vignettes/tidyvpc_cont_files/figure-html/unnamed-chunk-23-1.png
864x576 pixels, 3x8 bits/pixel, RGB
Input IDAT size = 130128 bytes
Input file size = 130386 bytes
Trying:
zc = 9 zm = 8 zs = 0 f = 0 IDAT size = 105295
zc = 9 zm = 8 zs = 1 f = 0
zc = 1 zm = 8 zs = 2 f = 0
zc = 9 zm = 8 zs = 3 f = 0
zc = 9 zm = 8 zs = 0 f = 5
zc = 9 zm = 8 zs = 1 f = 5
zc = 1 zm = 8 zs = 2 f = 5
zc = 9 zm = 8 zs = 3 f = 5
Selecting parameters:
zc = 9 zm = 8 zs = 0 f = 0 IDAT size = 105295
Output IDAT size = 105295 bytes (24833 bytes decrease)
Output file size = 105373 bytes (25013 bytes = 19.18% decrease)
** Processing: /home/hornik/tmp/R.check/r-patched-gcc/Work/PKGS/tidyvpc.Rcheck/vign_test/tidyvpc/vignettes/tidyvpc_cont_files/figure-html/unnamed-chunk-24-1.png
864x576 pixels, 3x8 bits/pixel, RGB
Input IDAT size = 83121 bytes
Input file size = 83319 bytes
Trying:
zc = 9 zm = 8 zs = 0 f = 0 IDAT size = 72654
zc = 9 zm = 8 zs = 1 f = 0
zc = 1 zm = 8 zs = 2 f = 0
zc = 9 zm = 8 zs = 3 f = 0
zc = 9 zm = 8 zs = 0 f = 5
zc = 9 zm = 8 zs = 1 f = 5
zc = 1 zm = 8 zs = 2 f = 5
zc = 9 zm = 8 zs = 3 f = 5
Selecting parameters:
zc = 9 zm = 8 zs = 0 f = 0 IDAT size = 72654
Output IDAT size = 72654 bytes (10467 bytes decrease)
Output file size = 72732 bytes (10587 bytes = 12.71% decrease)
** Processing: /home/hornik/tmp/R.check/r-patched-gcc/Work/PKGS/tidyvpc.Rcheck/vign_test/tidyvpc/vignettes/tidyvpc_cont_files/figure-html/unnamed-chunk-25-1.png
864x576 pixels, 3x8 bits/pixel, RGB
Input IDAT size = 149022 bytes
Input file size = 149316 bytes
Trying:
zc = 9 zm = 8 zs = 0 f = 0 IDAT size = 118069
zc = 9 zm = 8 zs = 1 f = 0
zc = 1 zm = 8 zs = 2 f = 0
zc = 9 zm = 8 zs = 3 f = 0
zc = 9 zm = 8 zs = 0 f = 5
zc = 9 zm = 8 zs = 1 f = 5
zc = 1 zm = 8 zs = 2 f = 5
zc = 9 zm = 8 zs = 3 f = 5
Selecting parameters:
zc = 9 zm = 8 zs = 0 f = 0 IDAT size = 118069
Output IDAT size = 118069 bytes (30953 bytes decrease)
Output file size = 118147 bytes (31169 bytes = 20.87% decrease)
** Processing: /home/hornik/tmp/R.check/r-patched-gcc/Work/PKGS/tidyvpc.Rcheck/vign_test/tidyvpc/vignettes/tidyvpc_cont_files/figure-html/unnamed-chunk-26-1.png
864x576 pixels, 3x8 bits/pixel, RGB
Input IDAT size = 132268 bytes
Input file size = 132538 bytes
Trying:
zc = 9 zm = 8 zs = 0 f = 0 IDAT size = 106210
zc = 9 zm = 8 zs = 1 f = 0
zc = 1 zm = 8 zs = 2 f = 0
zc = 9 zm = 8 zs = 3 f = 0
zc = 9 zm = 8 zs = 0 f = 5
zc = 9 zm = 8 zs = 1 f = 5
zc = 1 zm = 8 zs = 2 f = 5
zc = 9 zm = 8 zs = 3 f = 5
Selecting parameters:
zc = 9 zm = 8 zs = 0 f = 0 IDAT size = 106210
Output IDAT size = 106210 bytes (26058 bytes decrease)
Output file size = 106288 bytes (26250 bytes = 19.81% decrease)
** Processing: /home/hornik/tmp/R.check/r-patched-gcc/Work/PKGS/tidyvpc.Rcheck/vign_test/tidyvpc/vignettes/tidyvpc_cont_files/figure-html/unnamed-chunk-27-1.png
864x576 pixels, 3x8 bits/pixel, RGB
Input IDAT size = 73271 bytes
Input file size = 73445 bytes
Trying:
zc = 9 zm = 8 zs = 0 f = 0 IDAT size = 68751
zc = 9 zm = 8 zs = 1 f = 0
zc = 1 zm = 8 zs = 2 f = 0
zc = 9 zm = 8 zs = 3 f = 0
zc = 9 zm = 8 zs = 0 f = 5
zc = 9 zm = 8 zs = 1 f = 5
zc = 1 zm = 8 zs = 2 f = 5
zc = 9 zm = 8 zs = 3 f = 5
Selecting parameters:
zc = 9 zm = 8 zs = 0 f = 0 IDAT size = 68751
Output IDAT size = 68751 bytes (4520 bytes decrease)
Output file size = 68829 bytes (4616 bytes = 6.28% decrease)
** Processing: /home/hornik/tmp/R.check/r-patched-gcc/Work/PKGS/tidyvpc.Rcheck/vign_test/tidyvpc/vignettes/tidyvpc_cont_files/figure-html/unnamed-chunk-29-1.png
864x576 pixels, 3x8 bits/pixel, RGB
Input IDAT size = 101872 bytes
Input file size = 102094 bytes
Trying:
zc = 9 zm = 8 zs = 0 f = 0 IDAT size = 83864
zc = 9 zm = 8 zs = 1 f = 0
zc = 1 zm = 8 zs = 2 f = 0
zc = 9 zm = 8 zs = 3 f = 0
zc = 9 zm = 8 zs = 0 f = 5
zc = 9 zm = 8 zs = 1 f = 5
zc = 1 zm = 8 zs = 2 f = 5
zc = 9 zm = 8 zs = 3 f = 5
Selecting parameters:
zc = 9 zm = 8 zs = 0 f = 0 IDAT size = 83864
Output IDAT size = 83864 bytes (18008 bytes decrease)
Output file size = 83942 bytes (18152 bytes = 17.78% decrease)
** Processing: /home/hornik/tmp/R.check/r-patched-gcc/Work/PKGS/tidyvpc.Rcheck/vign_test/tidyvpc/vignettes/tidyvpc_cont_files/figure-html/unnamed-chunk-31-1.png
864x576 pixels, 3x8 bits/pixel, RGB
Input IDAT size = 80681 bytes
Input file size = 80867 bytes
Trying:
zc = 9 zm = 8 zs = 0 f = 0 IDAT size = 65075
zc = 9 zm = 8 zs = 1 f = 0
zc = 1 zm = 8 zs = 2 f = 0
zc = 9 zm = 8 zs = 3 f = 0
zc = 9 zm = 8 zs = 0 f = 5
zc = 9 zm = 8 zs = 1 f = 5
zc = 1 zm = 8 zs = 2 f = 5
zc = 9 zm = 8 zs = 3 f = 5
Selecting parameters:
zc = 9 zm = 8 zs = 0 f = 0 IDAT size = 65075
Output IDAT size = 65075 bytes (15606 bytes decrease)
Output file size = 65153 bytes (15714 bytes = 19.43% decrease)
** Processing: /home/hornik/tmp/R.check/r-patched-gcc/Work/PKGS/tidyvpc.Rcheck/vign_test/tidyvpc/vignettes/tidyvpc_cont_files/figure-html/unnamed-chunk-32-1.png
864x576 pixels, 3x8 bits/pixel, RGB
Input IDAT size = 100473 bytes
Input file size = 100695 bytes
Trying:
zc = 9 zm = 8 zs = 0 f = 0 IDAT size = 83304
zc = 9 zm = 8 zs = 1 f = 0
zc = 1 zm = 8 zs = 2 f = 0
zc = 9 zm = 8 zs = 3 f = 0
zc = 9 zm = 8 zs = 0 f = 5
zc = 9 zm = 8 zs = 1 f = 5
zc = 1 zm = 8 zs = 2 f = 5
zc = 9 zm = 8 zs = 3 f = 5
Selecting parameters:
zc = 9 zm = 8 zs = 0 f = 0 IDAT size = 83304
Output IDAT size = 83304 bytes (17169 bytes decrease)
Output file size = 83382 bytes (17313 bytes = 17.19% decrease)
** Processing: /home/hornik/tmp/R.check/r-patched-gcc/Work/PKGS/tidyvpc.Rcheck/vign_test/tidyvpc/vignettes/tidyvpc_cont_files/figure-html/unnamed-chunk-33-1.png
864x576 pixels, 3x8 bits/pixel, RGB
Input IDAT size = 42736 bytes
Input file size = 42874 bytes
Trying:
zc = 9 zm = 8 zs = 0 f = 0
zc = 9 zm = 8 zs = 1 f = 0
zc = 1 zm = 8 zs = 2 f = 0
zc = 9 zm = 8 zs = 3 f = 0
zc = 9 zm = 8 zs = 0 f = 5 IDAT size = 40347
zc = 9 zm = 8 zs = 1 f = 5
zc = 1 zm = 8 zs = 2 f = 5
zc = 9 zm = 8 zs = 3 f = 5
Selecting parameters:
zc = 9 zm = 8 zs = 0 f = 5 IDAT size = 40347
Output IDAT size = 40347 bytes (2389 bytes decrease)
Output file size = 40425 bytes (2449 bytes = 5.71% decrease)
--- finished re-building ‘tidyvpc_cont.Rmd’
--- re-building ‘tidyvpc_nlmixr2.Rmd’ using rmarkdown
malloc(): unsorted double linked list corrupted
Aborted
SUMMARY: processing the following file failed:
‘tidyvpc_nlmixr2.Rmd’
Error: Vignette re-building failed.
Execution halted
Flavor: r-patched-linux-x86_64