Last updated on 2024-07-27 01:53:26 CEST.
Flavor | Version | Tinstall | Tcheck | Ttotal | Status | Flags |
---|---|---|---|---|---|---|
r-devel-linux-x86_64-debian-clang | 0.2.0 | 4.79 | 50.61 | 55.40 | OK | |
r-devel-linux-x86_64-debian-gcc | 0.2.0 | 4.16 | 38.57 | 42.73 | OK | |
r-devel-linux-x86_64-fedora-clang | 0.2.0 | 71.86 | NOTE | |||
r-devel-linux-x86_64-fedora-gcc | 0.2.0 | 82.85 | NOTE | |||
r-devel-windows-x86_64 | 0.2.0 | 7.00 | 60.00 | 67.00 | OK | |
r-patched-linux-x86_64 | 0.2.0 | OK | ||||
r-release-linux-x86_64 | 0.2.0 | 5.16 | 49.27 | 54.43 | OK | |
r-release-macos-arm64 | 0.2.0 | 30.00 | OK | |||
r-release-macos-x86_64 | 0.2.0 | 47.00 | OK | |||
r-release-windows-x86_64 | 0.2.0 | 8.00 | 60.00 | 68.00 | OK | |
r-oldrel-macos-arm64 | 0.2.0 | 37.00 | OK | |||
r-oldrel-macos-x86_64 | 0.2.0 | 55.00 | OK | |||
r-oldrel-windows-x86_64 | 0.2.0 | 9.00 | 67.00 | 76.00 | OK |
Version: 0.2.0
Check: dependencies in R code
Result: NOTE
Namespace in Imports field not imported from: ‘sp’
All declared Imports should be used.
Flavors: r-devel-linux-x86_64-fedora-clang, r-devel-linux-x86_64-fedora-gcc
Version: 0.2.0
Check: data for non-ASCII characters
Result: NOTE
Note: found 341 marked UTF-8 strings
Flavors: r-devel-linux-x86_64-fedora-clang, r-devel-linux-x86_64-fedora-gcc