Last updated on 2024-07-27 01:53:26 CEST.
Flavor | Version | Tinstall | Tcheck | Ttotal | Status | Flags |
---|---|---|---|---|---|---|
r-devel-linux-x86_64-debian-clang | 2.9.0 | 26.39 | 347.85 | 374.24 | OK | |
r-devel-linux-x86_64-debian-gcc | 2.9.0 | 19.18 | 257.24 | 276.42 | NOTE | |
r-devel-linux-x86_64-fedora-clang | 2.9.0 | 383.44 | NOTE | |||
r-devel-linux-x86_64-fedora-gcc | 2.9.0 | 459.74 | NOTE | |||
r-devel-windows-x86_64 | 2.9.0 | 20.00 | 276.00 | 296.00 | NOTE | |
r-patched-linux-x86_64 | 2.9.0 | NOTE | ||||
r-release-linux-x86_64 | 2.9.0 | 16.89 | 334.16 | 351.05 | OK | |
r-release-macos-arm64 | 2.9.0 | 120.00 | OK | |||
r-release-macos-x86_64 | 2.9.0 | 216.00 | OK | |||
r-release-windows-x86_64 | 2.9.0 | 24.00 | 270.00 | 294.00 | OK | |
r-oldrel-macos-arm64 | 2.9.0 | 177.00 | OK | |||
r-oldrel-macos-x86_64 | 2.9.0 | 273.00 | OK | |||
r-oldrel-windows-x86_64 | 2.9.0 | 30.00 | 347.00 | 377.00 | OK |
Version: 2.9.0
Check: Rd cross-references
Result: NOTE
Found the following Rd file(s) with Rd \link{} targets missing package
anchors:
parse_date2.Rd: anytime, anydate
step_box_cox.Rd: selections
step_diff.Rd: step_naomit, selections
step_log_interval.Rd: selections
step_ts_clean.Rd: selections
step_ts_impute.Rd: selections
Please provide package anchors for all Rd \link{} targets not in the
package itself and the base packages.
Flavors: r-devel-linux-x86_64-debian-gcc, r-devel-windows-x86_64
Version: 2.9.0
Check: package dependencies
Result: NOTE
Imports includes 25 non-default packages.
Importing from so many packages makes the package vulnerable to any of
them becoming unavailable. Move as many as possible to Suggests and
use conditionally.
Flavor: r-devel-linux-x86_64-fedora-clang
Version: 2.9.0
Check: data for non-ASCII characters
Result: NOTE
Note: found 2750 marked UTF-8 strings
Flavors: r-devel-linux-x86_64-fedora-clang, r-devel-linux-x86_64-fedora-gcc
Version: 2.9.0
Check: package dependencies
Result: NOTE
Package suggested but not available for checking: ‘modeltime’
Flavor: r-patched-linux-x86_64