Last updated on 2024-07-27 01:53:26 CEST.
Flavor | Version | Tinstall | Tcheck | Ttotal | Status | Flags |
---|---|---|---|---|---|---|
r-devel-linux-x86_64-debian-clang | 2.4.2 | 36.77 | 381.47 | 418.24 | OK | |
r-devel-linux-x86_64-debian-gcc | 2.4.2 | 31.22 | 277.78 | 309.00 | OK | |
r-devel-linux-x86_64-fedora-clang | 2.4.2 | 497.07 | OK | |||
r-devel-linux-x86_64-fedora-gcc | 2.4.2 | 505.37 | OK | |||
r-devel-windows-x86_64 | 2.4.2 | 37.00 | 305.00 | 342.00 | OK | |
r-patched-linux-x86_64 | 2.4.2 | OK | ||||
r-release-linux-x86_64 | 2.4.2 | 37.25 | 358.51 | 395.76 | OK | |
r-release-macos-arm64 | 2.4.2 | 86.00 | NOTE | |||
r-release-macos-x86_64 | 2.4.2 | 163.00 | OK | |||
r-release-windows-x86_64 | 2.4.2 | 38.00 | 294.00 | 332.00 | OK | |
r-oldrel-macos-arm64 | 2.4.2 | 97.00 | NOTE | |||
r-oldrel-macos-x86_64 | 2.4.2 | 160.00 | NOTE | |||
r-oldrel-windows-x86_64 | 2.4.2 | 52.00 | 391.00 | 443.00 | OK |
Version: 2.4.2
Check: package dependencies
Result: NOTE
Packages suggested but not available for checking:
'org.Rn.eg.db', 'org.Mm.eg.db'
Flavors: r-release-macos-arm64, r-oldrel-macos-x86_64
Version: 2.4.2
Check: package dependencies
Result: NOTE
Package suggested but not available for checking: ‘org.Rn.eg.db’
Flavor: r-oldrel-macos-arm64