Last updated on 2024-07-27 01:53:26 CEST.
Flavor | Version | Tinstall | Tcheck | Ttotal | Status | Flags |
---|---|---|---|---|---|---|
r-devel-linux-x86_64-debian-clang | 1.0.3 | 8.61 | 98.13 | 106.74 | OK | |
r-devel-linux-x86_64-debian-gcc | 1.0.3 | 6.95 | 75.40 | 82.35 | NOTE | |
r-devel-linux-x86_64-fedora-clang | 1.0.3 | 140.02 | OK | |||
r-devel-linux-x86_64-fedora-gcc | 1.0.3 | 143.65 | OK | |||
r-devel-windows-x86_64 | 1.0.3 | 9.00 | 100.00 | 109.00 | NOTE | |
r-patched-linux-x86_64 | 1.0.3 | OK | ||||
r-release-linux-x86_64 | 1.0.3 | 5.29 | 96.01 | 101.30 | OK | |
r-release-macos-arm64 | 1.0.3 | 46.00 | OK | |||
r-release-macos-x86_64 | 1.0.3 | 87.00 | OK | |||
r-release-windows-x86_64 | 1.0.3 | 9.00 | 97.00 | 106.00 | OK | |
r-oldrel-macos-arm64 | 1.0.3 | 60.00 | ERROR | |||
r-oldrel-macos-x86_64 | 1.0.3 | 142.00 | ERROR | |||
r-oldrel-windows-x86_64 | 1.0.3 | 11.00 | 115.00 | 126.00 | OK |
Version: 1.0.3
Check: Rd cross-references
Result: NOTE
Found the following Rd file(s) with Rd \link{} targets missing package
anchors:
theme_tntp_2018.Rd: ggplot2
tntp_style.Rd: ggplot2
Please provide package anchors for all Rd \link{} targets not in the
package itself and the base packages.
Flavors: r-devel-linux-x86_64-debian-gcc, r-devel-windows-x86_64
Version: 1.0.3
Check: running R code from vignettes
Result: ERROR
Errors in running code in vignettes:
when running code in ‘visualization-cookbook.Rmd’
...
Warning in grid.Call.graphics(C_text, as.graphicsAnnot(x$label), x$x, x$y, :
font family 'Halyard Display' not found in PostScript font database
Warning in grid.Call.graphics(C_text, as.graphicsAnnot(x$label), x$x, x$y, :
font family 'Halyard Display' not found in PostScript font database
Warning in grid.Call.graphics(C_text, as.graphicsAnnot(x$label), x$x, x$y, :
font family 'Halyard Display' not found in PostScript font database
When sourcing ‘visualization-cookbook.R’:
Error: invalid font type
Execution halted
‘visualization-cookbook.Rmd’ using ‘UTF-8’... failed
Flavors: r-oldrel-macos-arm64, r-oldrel-macos-x86_64