CRAN Package Check Results for Package tokenizers

Last updated on 2025-11-12 02:53:15 CET.

Flavor Version Tinstall Tcheck Ttotal Status Flags
r-devel-linux-x86_64-debian-clang 0.3.0 15.44 41.01 56.45 NOTE
r-devel-linux-x86_64-debian-gcc 0.3.0 11.68 32.27 43.95 NOTE
r-devel-linux-x86_64-fedora-clang 0.3.0 34.00 60.21 94.21 OK
r-devel-linux-x86_64-fedora-gcc 0.3.0 50.00 55.95 105.95 OK
r-devel-windows-x86_64 0.3.0 23.00 76.00 99.00 OK
r-patched-linux-x86_64 0.3.0 17.49 37.96 55.45 OK
r-release-linux-x86_64 0.3.0 16.79 37.95 54.74 OK
r-release-macos-arm64 0.3.0 8.00 40.00 48.00 OK
r-release-macos-x86_64 0.3.0 9.00 54.00 63.00 OK
r-release-windows-x86_64 0.3.0 25.00 75.00 100.00 OK
r-oldrel-macos-arm64 0.3.0 8.00 29.00 37.00 OK
r-oldrel-macos-x86_64 0.3.0 10.00 49.00 59.00 OK
r-oldrel-windows-x86_64 0.3.0 20.00 89.00 109.00 OK

Check Details

Version: 0.3.0
Check: CRAN incoming feasibility
Result: NOTE Maintainer: ‘Lincoln Mullen <lincoln@lincolnmullen.com>’ Package CITATION file contains call(s) to old-style personList() or as.personList(). Please use c() on person objects instead. Package CITATION file contains call(s) to old-style citEntry(). Please use bibentry() instead. Flavors: r-devel-linux-x86_64-debian-clang, r-devel-linux-x86_64-debian-gcc