Last updated on 2024-07-27 01:53:26 CEST.
Flavor | Version | Tinstall | Tcheck | Ttotal | Status | Flags |
---|---|---|---|---|---|---|
r-devel-linux-x86_64-debian-clang | 0.3.5 | 10.49 | 151.58 | 162.07 | OK | |
r-devel-linux-x86_64-debian-gcc | 0.3.5 | 7.50 | 114.85 | 122.35 | OK | |
r-devel-linux-x86_64-fedora-clang | 0.3.5 | 217.35 | NOTE | |||
r-devel-linux-x86_64-fedora-gcc | 0.3.5 | 217.28 | NOTE | |||
r-devel-windows-x86_64 | 0.3.5 | 12.00 | 128.00 | 140.00 | OK | |
r-patched-linux-x86_64 | 0.3.5 | OK | ||||
r-release-linux-x86_64 | 0.3.5 | 6.81 | 148.93 | 155.74 | OK | |
r-release-macos-arm64 | 0.3.5 | 62.00 | OK | |||
r-release-macos-x86_64 | 0.3.5 | 122.00 | OK | |||
r-release-windows-x86_64 | 0.3.5 | 11.00 | 131.00 | 142.00 | OK | |
r-oldrel-macos-arm64 | 0.3.5 | 68.00 | OK | |||
r-oldrel-macos-x86_64 | 0.3.5 | 107.00 | OK | |||
r-oldrel-windows-x86_64 | 0.3.5 | 13.00 | 152.00 | 165.00 | OK |
Version: 0.3.5
Check: data for non-ASCII characters
Result: NOTE
Note: found 160 marked UTF-8 strings
Flavors: r-devel-linux-x86_64-fedora-clang, r-devel-linux-x86_64-fedora-gcc